{"id":9644,"date":"2026-04-12T18:45:47","date_gmt":"2026-04-12T15:45:47","guid":{"rendered":"https:\/\/www.someronkivimeijeri.fi\/?page_id=9644"},"modified":"2026-04-12T19:09:35","modified_gmt":"2026-04-12T16:09:35","slug":"lummekilpi","status":"publish","type":"page","link":"https:\/\/www.someronkivimeijeri.fi\/?page_id=9644","title":{"rendered":"lummekilpi"},"content":{"rendered":"<div class=\"wpb-content-wrapper\"><p>[vc_row full_width=&#8221;stretch_row&#8221; full_height=&#8221;yes&#8221; equal_height=&#8221;yes&#8221; bg_type=&#8221;image&#8221; parallax_style=&#8221;vcpb-default&#8221; bg_image_new=&#8221;id^9656|url^https:\/\/www.someronkivimeijeri.fi\/wp-content\/uploads\/2026\/04\/Kristiina-Uusitalo-Swallowed-Eyes-III.jpeg|caption^null|alt^null|title^Kristiina Uusitalo Swallowed Eyes III|description^null&#8221; bg_image_repeat=&#8221;no-repeat&#8221; bg_img_attach=&#8221;fixed&#8221; bg_override=&#8221;full&#8221; parallax_content=&#8221;parallax_content_value&#8221; fadeout_row=&#8221;fadeout_row_value&#8221; enable_overlay=&#8221;enable_overlay_value&#8221; overlay_color=&#8221;#96A7B8&#8243; overlay_pattern=&#8221;08.png&#8221; overlay_pattern_opacity=&#8221;80&#8243; overlay_pattern_size=&#8221;0&#8243; ult_hide_row=&#8221;ult_hide_row_value&#8221; ult_hide_row_mobile=&#8221;mobile&#8221; ult_hide_row_mobile_large=&#8221;xl_mobile&#8221; css=&#8221;.vc_custom_1776009658009{margin-bottom: 50px !important;}&#8221;][vc_column][vc_custom_heading text=&#8221;LUMMEKILPI&#8221; font_container=&#8221;tag:h2|font_size:4%20em|text_align:center|color:%238224E3|line_height:1%20em&#8221; google_fonts=&#8221;font_family:Montserrat%3Aregular%2C700|font_style:700%20bold%20regular%3A700%3Anormal&#8221; css_animation=&#8221;fadeInDown&#8221; css=&#8221;.vc_custom_1776009740700{margin-bottom: 0px !important;padding-top: 25px !important;padding-right: 25px !important;padding-bottom: 25px !important;padding-left: 25px !important;background-position: center !important;background-repeat: no-repeat !important;background-size: cover !important;}&#8221;][vc_custom_heading text=&#8221;Someron Kivimeijeri 13.6.-16.8.2026&#8243; font_container=&#8221;tag:h4|font_size:2%20em|text_align:center|color:%23000000|line_height:1&#8243; google_fonts=&#8221;font_family:Montserrat%3Aregular%2C700|font_style:400%20regular%3A400%3Anormal&#8221; css_animation=&#8221;fadeInDown&#8221; css=&#8221;.vc_custom_1776009734402{margin-top: 0px !important;margin-bottom: 0px !important;padding-top: 25px !important;padding-right: 25px !important;padding-bottom: 25px !important;padding-left: 25px !important;background-position: center !important;background-repeat: no-repeat !important;background-size: cover !important;border-radius: 2px !important;}&#8221;][vc_row_inner css=&#8221;.vc_custom_1744267865818{margin-top: 100px !important;}&#8221;][vc_column_inner width=&#8221;1\/2&#8243; css=&#8221;.vc_custom_1744010547104{margin-top: 0px !important;}&#8221;][vc_btn title=&#8221;N\u00e4yttely&#8221; style=&#8221;custom&#8221; custom_background=&#8221;#34343480&#8243; custom_text=&#8221;#FFFFFF&#8221; size=&#8221;lg&#8221; align=&#8221;center&#8221; css_animation=&#8221;fadeInUp&#8221; css=&#8221;&#8221; link=&#8221;url:%23nayttely|||&#8221;][\/vc_column_inner][vc_column_inner width=&#8221;1\/2&#8243; css=&#8221;.vc_custom_1744010555021{margin-top: 0px !important;}&#8221;][vc_btn title=&#8221;Taiteilijat (julkaistaan pian)&#8221; style=&#8221;custom&#8221; custom_background=&#8221;#34343480&#8243; custom_text=&#8221;#FFFFFF&#8221; size=&#8221;lg&#8221; align=&#8221;center&#8221; css_animation=&#8221;fadeInUp&#8221; css=&#8221;&#8221; link=&#8221;url:%23|title:Julkaistaan%20pian&#8221;][\/vc_column_inner][\/vc_row_inner][vc_row_inner][vc_column_inner css=&#8221;.vc_custom_1525073554648{margin-top: 155px !important;}&#8221;][vc_icon type=&#8221;entypo&#8221; icon_entypo=&#8221;entypo-icon entypo-icon-down-open-big&#8221; color=&#8221;white&#8221; size=&#8221;xl&#8221; align=&#8221;center&#8221; css_animation=&#8221;slideInDown&#8221; link=&#8221;url:%23nayttely|||&#8221;][\/vc_column_inner][\/vc_row_inner][\/vc_column][\/vc_row][vc_row full_width=&#8221;stretch_row&#8221; content_placement=&#8221;middle&#8221; bg_type=&#8221;bg_color&#8221; parallax_content=&#8221;parallax_content_value&#8221; fadeout_row=&#8221;fadeout_row_value&#8221; ult_hide_row=&#8221;ult_hide_row_value&#8221; ult_hide_row_large_screen=&#8221;large_screen&#8221; ult_hide_row_desktop=&#8221;desktop&#8221; ult_hide_row_tablet=&#8221;tablet&#8221; ult_hide_row_tablet_small=&#8221;xs_tablet&#8221; css=&#8221;.vc_custom_1744270348868{margin-top: 0px !important;}&#8221;][vc_column css=&#8221;.vc_custom_1744270343434{margin-top: 0px !important;}&#8221;][vc_column_text css_animation=&#8221;fadeIn&#8221; css=&#8221;.vc_custom_1776010083761{margin-top: 20px !important;margin-right: 0px !important;margin-left: 0px !important;}&#8221;]<strong>LUMMEKILPI -n\u00e4yttely 13.6.-16.8.2026<\/strong><\/p>\n<p>Someron Kivimeijerin seitsem\u00e4stoista suurn\u00e4yttely jatkaa linjaansa: muutama hyv\u00e4 taiteilija joilta isot yksityisn\u00e4yttelyn kokoiset teosm\u00e4\u00e4r\u00e4t. LUMMEKILPI toteuttaa hyv\u00e4\u00e4 perinnett\u00e4.<\/p>\n<p>Valokuvaaja <em>Ulla-Maija Alanen<\/em> on sukeltanut lumpeiden juurille. <em>Ylva Holl\u00e4nder<\/em> on kokonaan unohtanut vakavuuden ja sen lis\u00e4ksi h\u00e4n yhdist\u00e4\u00e4 veistoksiinsa asioita joilla ei ole yhteytt\u00e4. Taiteilija <em>Antero Kare <\/em>on polttanut lis\u00e4\u00e4 v\u00e4rej\u00e4 tarustoihinsa. Kuvanveist\u00e4j\u00e4 <em>Pekka Pitk\u00e4nen<\/em> lis\u00e4\u00e4 merkkej\u00e4 kilpiins\u00e4 ja maskeihinsa. Taidemaalari <em>Kristiina Uusitalon<\/em> monumentaalikokoiset maisemat ovat t\u00e4ynn\u00e4 voimaa, pakahduttavaa kauneutta \u2013 ja kauhua.<\/p>\n<p><em>Ulla-Maija Alanen<\/em> on sukeltanut veden alle lumpeiden valtakuntaan. Sielt\u00e4 h\u00e4nen kameransa n\u00e4kee veden pinnan peilin altap\u00e4in, heijastaen vedenalaisen maailman. Lumpeen kukka kurkottaa h\u00e4din tuskin pinnan yl\u00e4puolelle, ja kun syksy saapuu, se vajoaa kohti pohjaa.<\/p>\n<p>Alasen n\u00e4yttelykuvat ovat h\u00e4nen sarjastaan Veden horisontit. Kamera on ikuistanut meille runollisesti ja dokumentaarisesti lumpeen yleens\u00e4 n\u00e4kym\u00e4tt\u00f6m\u00e4n el\u00e4m\u00e4n. Ja el\u00e4m\u00e4 j\u00e4rjest\u00e4\u00e4 yll\u00e4tyksi\u00e4. Sattumant\u00e4yteisell\u00e4 sukelluksella kamera osui tapahtumaan jossa kukka ampuu siemenens\u00e4 syv\u00e4ll\u00e4 vedess\u00e4. Kuka meist\u00e4 on n\u00e4hnyt sen?<\/p>\n<p><em>Ylva Holl\u00e4nderin<\/em> teoksista on sanottu, ett\u00e4 ne ovat kuin suuri tietosanakirja, kaikki mahtuu mukaan. Kaikkia v\u00e4rej\u00e4 h\u00e4n on k\u00e4ytt\u00e4nyt ja tekniikoita: Tukholman Suomen instituutin moniosaisen teoksen materiaalit ovat mustemaalauksia paperille, keramiikkaa ja esinekoosteita. Nimikin on monitulkintainen: Todellisuus on k\u00e4sitt\u00e4m\u00e4t\u00f6n paikka.<\/p>\n<p>Uusimmat keramiikkaveistokset leikkiv\u00e4t ehk\u00e4 entist\u00e4kin vapaammin. Hoviv\u00e4ki liikkuu puunrunkojen ja sienien metsik\u00f6ss\u00e4 ja sitten annetaan palaa lujaa; \u201dP\u00e4\u00e4t\u00f6n nainen soittaa mandoliinia\u201d.<\/p>\n<p><em>Antero Kare<\/em> jatkaa kokeitaan Someron savella. Mikrobilis\u00e4ykset ovat saaneet rinnalleen nyt lasitetestej\u00e4, ja muinaisuuden teemat n\u00e4ytt\u00e4v\u00e4t entist\u00e4 rikkaammilta ja v\u00e4rikk\u00e4\u00e4mmilt\u00e4. Geologinen kartta n\u00e4ytt\u00e4\u00e4, ett\u00e4 Someron Kivimeijerin alla on 60 metrinen savipatja, ja geologiasta, maan siirroksista saavat nimens\u00e4 uusimmat veistokset: Riikonkumpu, Suasselk\u00e4\u2026<\/p>\n<p>Uudet teokset jatkavat tutkimusmatkaa muinaisuuteen, jossa 50\u00a0000 vuotinen taidehistoria, ihmisen kulttuurihistoria muinaistaiteineen, jatkuu luonnonhistorialla 540 miljoona vuotta vanhoilla fossiileilla. Mikrobien ja maankuoren yhdistelm\u00e4t stromatoliitit ylt\u00e4v\u00e4t sitten ajassa 3,8 miljardiin vuoteen.<\/p>\n<p><em>Pekka Pitk\u00e4sen<\/em> monoliittiset veistokset muistuttavat muinaiskulttuurien merkkikielt\u00e4. Vaistonvaraiset muinaisesineiden muistumat el\u00e4v\u00e4t kuin kadonnen kultin toteemit, monitulkintaisina ja pursuen runollista j\u00e4nnitett\u00e4.<\/p>\n<p>Pitk\u00e4sen vankka materiaalikokemus kipsist\u00e4, pronssista ja puusta on laajentunut nahkaan. Merkeiksi ovat samalla muuttuneet liitokset, helat, salvat ja soljet. Kilpien kaukaisesta muinaisuudesta h\u00e4n on l\u00e4hestynyt ehk\u00e4 kotimaista keskiaikaa, kansank\u00e4sity\u00f6t\u00e4. Suomalaisella informalismilla on selitt\u00e4m\u00e4t\u00f6n yhteys perinteeseen, patinointiin ennemminkin kuin neonv\u00e4reihin.<\/p>\n<p><em>Kristiina Uusitalo<\/em> on maisematilan kolmiulotteisuuden mestareita. Vaikka h\u00e4nen v\u00e4rins\u00e4 ovat mielikuvituksesta, tilan rakentaminen perustuu valon kykyyn t\u00e4ytt\u00e4\u00e4 koko n\u00e4kym\u00e4. T\u00e4m\u00e4 perusn\u00e4ky on kuitenkin vain pohja Uusitalon mielikuvitustapahtumille.<\/p>\n<p>Haltioituminen on varmasti se syy miksi h\u00e4n lis\u00e4\u00e4 j\u00e4rvens\u00e4 p\u00e4\u00e4lle puita, oksia, valoilmi\u00f6it\u00e4 tai kivi\u00e4 ja nyt olemmekin jo painovoimien avaruudellisuudessa. T\u00e4htitieteilij\u00e4t k\u00e4ytt\u00e4v\u00e4t painovoiman sijasta mieluummin termi\u00e4 gravitaatio, ja siit\u00e4 teoksissa on kyse, voimat hallitsevat. Lis\u00e4t\u00e4\u00e4n j\u00e4nnitteit\u00e4, riippuvuuksia, keskin\u00e4issuhteita, tapahtumia, v\u00e4rivoimia, rakkautta, rikastutetaan tunnetta.<\/p>\n<p>Maisema on aina yhteis\u00f6ns\u00e4 ja aikakautensa n\u00e4k\u00f6inen. Uusitalo kirjoittaa: \u201dKauan maalasin luonnon h\u00e4ik\u00e4isev\u00e4n kauneuden tuomaa energian ja oivalluksen ilmestyst\u00e4. Viime vuosina olen tuntenut tulleeni viattomuuden ulkorajoille. Ymp\u00e4rist\u00f6mme on musertavassa muutoksessa. Tuulee niin ett\u00e4 tukka l\u00e4htee.\u201d[\/vc_column_text][\/vc_column][\/vc_row][vc_row full_width=&#8221;stretch_row&#8221; content_placement=&#8221;middle&#8221; bg_type=&#8221;bg_color&#8221; parallax_content=&#8221;parallax_content_value&#8221; fadeout_row=&#8221;fadeout_row_value&#8221; ult_hide_row=&#8221;ult_hide_row_value&#8221; ult_hide_row_large_screen=&#8221;large_screen&#8221; ult_hide_row_desktop=&#8221;desktop&#8221; ult_hide_row_tablet=&#8221;tablet&#8221; ult_hide_row_tablet_small=&#8221;xs_tablet&#8221; css=&#8221;.vc_custom_1744271590426{margin-top: 0px !important;}&#8221;][vc_column css=&#8221;.vc_custom_1744270343434{margin-top: 0px !important;}&#8221;][vc_gallery interval=&#8221;3&#8243; images=&#8221;9659,9658,9657,9656,9653,9652&#8243; css=&#8221;&#8221;][\/vc_column][\/vc_row][vc_row full_width=&#8221;stretch_row&#8221; content_placement=&#8221;middle&#8221; bg_type=&#8221;bg_color&#8221; parallax_content=&#8221;parallax_content_value&#8221; fadeout_row=&#8221;fadeout_row_value&#8221; ult_hide_row=&#8221;ult_hide_row_value&#8221; ult_hide_row_large_screen=&#8221;large_screen&#8221; ult_hide_row_desktop=&#8221;desktop&#8221; ult_hide_row_tablet=&#8221;tablet&#8221; ult_hide_row_tablet_small=&#8221;xs_tablet&#8221; css=&#8221;.vc_custom_1744271583098{margin-top: 0px !important;}&#8221;][vc_column css=&#8221;.vc_custom_1744270343434{margin-top: 0px !important;}&#8221;][vc_column_text css=&#8221;&#8221;]N\u00e4yttely avoinna joka p\u00e4iv\u00e4 12.-18.00<\/p>\n<p>Aikuiset 10 \u20ac, nuoret 5 \u20ac, lapset alle 7 v. 0 \u20ac<\/p>\n<p>Rakufestivaali 10.-12.7.2026<\/p>\n<p>Yleis\u00f6luennot 24.6., 1.7., 8.7.<\/p>\n<p>Kurssit: julkaistaan pian[\/vc_column_text][\/vc_column][\/vc_row][vc_row full_width=&#8221;stretch_row&#8221; content_placement=&#8221;middle&#8221; bg_type=&#8221;bg_color&#8221; parallax_content=&#8221;parallax_content_value&#8221; fadeout_row=&#8221;fadeout_row_value&#8221; ult_hide_row=&#8221;ult_hide_row_value&#8221; ult_hide_row_mobile=&#8221;mobile&#8221; ult_hide_row_mobile_large=&#8221;xl_mobile&#8221; el_id=&#8221;nayttely&#8221; css=&#8221;.vc_custom_1744270425056{margin-top: 50px !important;}&#8221;][vc_column][vc_column_text css_animation=&#8221;fadeIn&#8221; css=&#8221;.vc_custom_1776010062115{margin-top: 0px !important;}&#8221;]Someron Kivimeijerin seitsem\u00e4stoista suurn\u00e4yttely jatkaa linjaansa: muutama hyv\u00e4 taiteilija joilta isot yksityisn\u00e4yttelyn kokoiset teosm\u00e4\u00e4r\u00e4t. LUMMEKILPI toteuttaa hyv\u00e4\u00e4 perinnett\u00e4.<\/p>\n<p>Valokuvaaja <em>Ulla-Maija Alanen<\/em> on sukeltanut lumpeiden juurille. <em>Ylva Holl\u00e4nder<\/em> on kokonaan unohtanut vakavuuden ja sen lis\u00e4ksi h\u00e4n yhdist\u00e4\u00e4 veistoksiinsa asioita joilla ei ole yhteytt\u00e4. Taiteilija <em>Antero Kare <\/em>on polttanut lis\u00e4\u00e4 v\u00e4rej\u00e4 tarustoihinsa. Kuvanveist\u00e4j\u00e4 <em>Pekka Pitk\u00e4nen<\/em> lis\u00e4\u00e4 merkkej\u00e4 kilpiins\u00e4 ja maskeihinsa. Taidemaalari <em>Kristiina Uusitalon<\/em> monumentaalikokoiset maisemat ovat t\u00e4ynn\u00e4 voimaa, pakahduttavaa kauneutta \u2013 ja kauhua.<\/p>\n<p><em>Ulla-Maija Alanen<\/em> on sukeltanut veden alle lumpeiden valtakuntaan. Sielt\u00e4 h\u00e4nen kameransa n\u00e4kee veden pinnan peilin altap\u00e4in, heijastaen vedenalaisen maailman. Lumpeen kukka kurkottaa h\u00e4din tuskin pinnan yl\u00e4puolelle, ja kun syksy saapuu, se vajoaa kohti pohjaa.<\/p>\n<p>Alasen n\u00e4yttelykuvat ovat h\u00e4nen sarjastaan Veden horisontit. Kamera on ikuistanut meille runollisesti ja dokumentaarisesti lumpeen yleens\u00e4 n\u00e4kym\u00e4tt\u00f6m\u00e4n el\u00e4m\u00e4n. Ja el\u00e4m\u00e4 j\u00e4rjest\u00e4\u00e4 yll\u00e4tyksi\u00e4. Sattumant\u00e4yteisell\u00e4 sukelluksella kamera osui tapahtumaan jossa kukka ampuu siemenens\u00e4 syv\u00e4ll\u00e4 vedess\u00e4. Kuka meist\u00e4 on n\u00e4hnyt sen?<\/p>\n<p><em>Ylva Holl\u00e4nderin<\/em> teoksista on sanottu, ett\u00e4 ne ovat kuin suuri tietosanakirja, kaikki mahtuu mukaan. Kaikkia v\u00e4rej\u00e4 h\u00e4n on k\u00e4ytt\u00e4nyt ja tekniikoita: Tukholman Suomen instituutin moniosaisen teoksen materiaalit ovat mustemaalauksia paperille, keramiikkaa ja esinekoosteita. Nimikin on monitulkintainen: Todellisuus on k\u00e4sitt\u00e4m\u00e4t\u00f6n paikka.<\/p>\n<p>Uusimmat keramiikkaveistokset leikkiv\u00e4t ehk\u00e4 entist\u00e4kin vapaammin. Hoviv\u00e4ki liikkuu puunrunkojen ja sienien metsik\u00f6ss\u00e4 ja sitten annetaan palaa lujaa; \u201dP\u00e4\u00e4t\u00f6n nainen soittaa mandoliinia\u201d.<\/p>\n<p><em>Antero Kare<\/em> jatkaa kokeitaan Someron savella. Mikrobilis\u00e4ykset ovat saaneet rinnalleen nyt lasitetestej\u00e4, ja muinaisuuden teemat n\u00e4ytt\u00e4v\u00e4t entist\u00e4 rikkaammilta ja v\u00e4rikk\u00e4\u00e4mmilt\u00e4. Geologinen kartta n\u00e4ytt\u00e4\u00e4, ett\u00e4 Someron Kivimeijerin alla on 60 metrinen savipatja, ja geologiasta, maan siirroksista saavat nimens\u00e4 uusimmat veistokset: Riikonkumpu, Suasselk\u00e4\u2026<\/p>\n<p>Uudet teokset jatkavat tutkimusmatkaa muinaisuuteen, jossa 50\u00a0000 vuotinen taidehistoria, ihmisen kulttuurihistoria muinaistaiteineen, jatkuu luonnonhistorialla 540 miljoona vuotta vanhoilla fossiileilla. Mikrobien ja maankuoren yhdistelm\u00e4t stromatoliitit ylt\u00e4v\u00e4t sitten ajassa 3,8 miljardiin vuoteen.<\/p>\n<p><em>Pekka Pitk\u00e4sen<\/em> monoliittiset veistokset muistuttavat muinaiskulttuurien merkkikielt\u00e4. Vaistonvaraiset muinaisesineiden muistumat el\u00e4v\u00e4t kuin kadonnen kultin toteemit, monitulkintaisina ja pursuen runollista j\u00e4nnitett\u00e4.<\/p>\n<p>Pitk\u00e4sen vankka materiaalikokemus kipsist\u00e4, pronssista ja puusta on laajentunut nahkaan. Merkeiksi ovat samalla muuttuneet liitokset, helat, salvat ja soljet. Kilpien kaukaisesta muinaisuudesta h\u00e4n on l\u00e4hestynyt ehk\u00e4 kotimaista keskiaikaa, kansank\u00e4sity\u00f6t\u00e4. Suomalaisella informalismilla on selitt\u00e4m\u00e4t\u00f6n yhteys perinteeseen, patinointiin ennemminkin kuin neonv\u00e4reihin.<\/p>\n<p><em>Kristiina Uusitalo<\/em> on maisematilan kolmiulotteisuuden mestareita. Vaikka h\u00e4nen v\u00e4rins\u00e4 ovat mielikuvituksesta, tilan rakentaminen perustuu valon kykyyn t\u00e4ytt\u00e4\u00e4 koko n\u00e4kym\u00e4. T\u00e4m\u00e4 perusn\u00e4ky on kuitenkin vain pohja Uusitalon mielikuvitustapahtumille.<\/p>\n<p>Haltioituminen on varmasti se syy miksi h\u00e4n lis\u00e4\u00e4 j\u00e4rvens\u00e4 p\u00e4\u00e4lle puita, oksia, valoilmi\u00f6it\u00e4 tai kivi\u00e4 ja nyt olemmekin jo painovoimien avaruudellisuudessa. T\u00e4htitieteilij\u00e4t k\u00e4ytt\u00e4v\u00e4t painovoiman sijasta mieluummin termi\u00e4 gravitaatio, ja siit\u00e4 teoksissa on kyse, voimat hallitsevat. Lis\u00e4t\u00e4\u00e4n j\u00e4nnitteit\u00e4, riippuvuuksia, keskin\u00e4issuhteita, tapahtumia, v\u00e4rivoimia, rakkautta, rikastutetaan tunnetta.<\/p>\n<p>Maisema on aina yhteis\u00f6ns\u00e4 ja aikakautensa n\u00e4k\u00f6inen. Uusitalo kirjoittaa: \u201dKauan maalasin luonnon h\u00e4ik\u00e4isev\u00e4n kauneuden tuomaa energian ja oivalluksen ilmestyst\u00e4. Viime vuosina olen tuntenut tulleeni viattomuuden ulkorajoille. Ymp\u00e4rist\u00f6mme on musertavassa muutoksessa. Tuulee niin ett\u00e4 tukka l\u00e4htee.\u201d[\/vc_column_text][vc_row_inner css=&#8221;.vc_custom_1744270965553{margin-top: 50px !important;margin-left: 30px !important;}&#8221;][vc_column_inner width=&#8221;1\/2&#8243;][vc_column_text css=&#8221;&#8221;]N\u00e4yttely avoinna joka p\u00e4iv\u00e4 12.-18.00<\/p>\n<p>Aikuiset 10 \u20ac, nuoret 5 \u20ac, lapset alle 7 v. 0 \u20ac<\/p>\n<p>Rakufestivaali 10.-12.7.2026<\/p>\n<p>Yleis\u00f6luennot 24.6., 1.7., 8.7.<\/p>\n<p>Kurssit: julkaistaan pian[\/vc_column_text][\/vc_column_inner][vc_column_inner width=&#8221;1\/2&#8243;][vc_images_carousel images=&#8221;9659,9658,9657,9656,9653,9652&#8243; img_size=&#8221;medium&#8221; css=&#8221;.vc_custom_1776009806031{margin-left: 5px !important;}&#8221;][\/vc_column_inner][\/vc_row_inner][\/vc_column][\/vc_row][vc_column][vc_column_text][\/vc_column_text][\/vc_column]<\/p>\n<\/div>","protected":false},"excerpt":{"rendered":"<p class=\"card-text\">[vc_row full_width=&#8221;stretch_row&#8221; full_height=&#8221;yes&#8221; equal_height=&#8221;yes&#8221; bg_type=&#8221;image&#8221; parallax_style=&#8221;vcpb-default&#8221; bg_image_new=&#8221;id^9656|url^https:\/\/www.someronkivimeijeri.fi\/wp-content\/uploads\/2026\/04\/Kristiina-Uusitalo-Swallowed-Eyes-III.jpeg|caption^null|alt^null|title^Kristiina Uusitalo Swallowed Eyes III|description^null&#8221; bg_image_repeat=&#8221;no-repeat&#8221; bg_img_attach=&#8221;fixed&#8221; bg_override=&#8221;full&#8221; parallax_content=&#8221;parallax_content_value&#8221; fadeout_row=&#8221;fadeout_row_value&#8221; enable_overlay=&#8221;enable_overlay_value&#8221; overlay_color=&#8221;#96A7B8&#8243; overlay_pattern=&#8221;08.png&#8221; overlay_pattern_opacity=&#8221;80&#8243; overlay_pattern_size=&#8221;0&#8243; ult_hide_row=&#8221;ult_hide_row_value&#8221; ult_hide_row_mobile=&#8221;mobile&#8221; ult_hide_row_mobile_large=&#8221;xl_mobile&#8221; css=&#8221;.vc_custom_1776009658009{margin-bottom: 50px !important;}&#8221;][vc_column][vc_custom_heading text=&#8221;LUMMEKILPI&#8221; font_container=&#8221;tag:h2|font_size:4%20em|text_align:center|color:%238224E3|line_height:1%20em&#8221; google_fonts=&#8221;font_family:Montserrat%3Aregular%2C700|font_style:700%20bold%20regular%3A700%3Anormal&#8221; css_animation=&#8221;fadeInDown&#8221; css=&#8221;.vc_custom_1776009740700{margin-bottom: 0px !important;padding-top: 25px !important;padding-right: 25px !important;padding-bottom: 25px !important;padding-left: 25px !important;background-position: center !important;background-repeat: no-repeat !important;background-size: cover !important;}&#8221;][vc_custom_heading text=&#8221;Someron Kivimeijeri 13.6.-16.8.2026&#8243; font_container=&#8221;tag:h4|font_size:2%20em|text_align:center|color:%23000000|line_height:1&#8243; google_fonts=&#8221;font_family:Montserrat%3Aregular%2C700|font_style:400%20regular%3A400%3Anormal&#8221; css_animation=&#8221;fadeInDown&#8221; css=&#8221;.vc_custom_1776009734402{margin-top: [&#8230;]<\/p>\n<p class=\"m-0\"><a class=\"btn btn-outline-secondary btn-read-more\" href=\"https:\/\/www.someronkivimeijeri.fi\/?page_id=9644\">Read More<\/a><\/p>\n","protected":false},"author":1,"featured_media":0,"parent":0,"menu_order":0,"comment_status":"closed","ping_status":"closed","template":"","meta":{"footnotes":""},"class_list":["post-9644","page","type-page","status-publish","hentry"],"_links":{"self":[{"href":"https:\/\/www.someronkivimeijeri.fi\/index.php?rest_route=\/wp\/v2\/pages\/9644","targetHints":{"allow":["GET"]}}],"collection":[{"href":"https:\/\/www.someronkivimeijeri.fi\/index.php?rest_route=\/wp\/v2\/pages"}],"about":[{"href":"https:\/\/www.someronkivimeijeri.fi\/index.php?rest_route=\/wp\/v2\/types\/page"}],"author":[{"embeddable":true,"href":"https:\/\/www.someronkivimeijeri.fi\/index.php?rest_route=\/wp\/v2\/users\/1"}],"replies":[{"embeddable":true,"href":"https:\/\/www.someronkivimeijeri.fi\/index.php?rest_route=%2Fwp%2Fv2%2Fcomments&post=9644"}],"version-history":[{"count":13,"href":"https:\/\/www.someronkivimeijeri.fi\/index.php?rest_route=\/wp\/v2\/pages\/9644\/revisions"}],"predecessor-version":[{"id":9666,"href":"https:\/\/www.someronkivimeijeri.fi\/index.php?rest_route=\/wp\/v2\/pages\/9644\/revisions\/9666"}],"wp:attachment":[{"href":"https:\/\/www.someronkivimeijeri.fi\/index.php?rest_route=%2Fwp%2Fv2%2Fmedia&parent=9644"}],"curies":[{"name":"wp","href":"https:\/\/api.w.org\/{rel}","templated":true}]}}