{"id":9220,"date":"2025-04-02T12:45:41","date_gmt":"2025-04-02T09:45:41","guid":{"rendered":"https:\/\/www.someronkivimeijeri.fi\/?page_id=9220"},"modified":"2025-04-10T10:53:56","modified_gmt":"2025-04-10T07:53:56","slug":"syvien-juurten-laakso","status":"publish","type":"page","link":"https:\/\/www.someronkivimeijeri.fi\/?page_id=9220","title":{"rendered":"syvien juurten laakso"},"content":{"rendered":"<div class=\"wpb-content-wrapper\"><p>[vc_row full_width=&#8221;stretch_row&#8221; full_height=&#8221;yes&#8221; equal_height=&#8221;yes&#8221; bg_type=&#8221;image&#8221; parallax_style=&#8221;vcpb-default&#8221; bg_image_new=&#8221;id^9229|url^https:\/\/www.someronkivimeijeri.fi\/wp-content\/uploads\/2025\/04\/Vesa_Pekka_Rannikko_Apo_2023_183x64x35cm_lapivarjatty-kipsi_kuva_Jussi_Tiainen_GA4410.jpg|caption^null|alt^null|title^Vesa_Pekka_Rannikko_Apo_2023_183x64x35cm_la\u0308piva\u0308rja\u0308tty kipsi_kuva_Jussi_Tiainen_GA4410|description^null&#8221; bg_image_repeat=&#8221;no-repeat&#8221; bg_img_attach=&#8221;fixed&#8221; bg_override=&#8221;full&#8221; parallax_content=&#8221;parallax_content_value&#8221; fadeout_row=&#8221;fadeout_row_value&#8221; enable_overlay=&#8221;enable_overlay_value&#8221; overlay_color=&#8221;#96A7B8&#8243; overlay_pattern=&#8221;08.png&#8221; overlay_pattern_opacity=&#8221;80&#8243; overlay_pattern_size=&#8221;0&#8243; ult_hide_row=&#8221;ult_hide_row_value&#8221; ult_hide_row_mobile=&#8221;mobile&#8221; ult_hide_row_mobile_large=&#8221;xl_mobile&#8221; css=&#8221;.vc_custom_1744270320545{margin-bottom: 50px !important;}&#8221;][vc_column][vc_custom_heading text=&#8221;SYVIEN JUURTEN LAAKSO&#8221; font_container=&#8221;tag:h2|font_size:4%20em|text_align:center|color:%23E16803|line_height:1%20em&#8221; google_fonts=&#8221;font_family:Montserrat%3Aregular%2C700|font_style:700%20bold%20regular%3A700%3Anormal&#8221; css_animation=&#8221;fadeInDown&#8221; css=&#8221;.vc_custom_1744267804425{margin-bottom: 0px !important;padding-top: 25px !important;padding-right: 25px !important;padding-bottom: 25px !important;padding-left: 25px !important;background-position: center !important;background-repeat: no-repeat !important;background-size: cover !important;}&#8221;][vc_custom_heading text=&#8221;Someron Kivimeijeri 14.6.-17.8.2025&#8243; font_container=&#8221;tag:h4|font_size:2%20em|text_align:center|color:%23000000|line_height:1&#8243; google_fonts=&#8221;font_family:Montserrat%3Aregular%2C700|font_style:400%20regular%3A400%3Anormal&#8221; css_animation=&#8221;fadeInDown&#8221; css=&#8221;.vc_custom_1744267890638{margin-top: 0px !important;margin-bottom: 0px !important;padding-top: 25px !important;padding-right: 25px !important;padding-bottom: 25px !important;padding-left: 25px !important;background-position: center !important;background-repeat: no-repeat !important;background-size: cover !important;border-radius: 2px !important;}&#8221;][vc_row_inner css=&#8221;.vc_custom_1744267865818{margin-top: 100px !important;}&#8221;][vc_column_inner width=&#8221;1\/2&#8243; css=&#8221;.vc_custom_1744010547104{margin-top: 0px !important;}&#8221;][vc_btn title=&#8221;N\u00e4yttely&#8221; style=&#8221;custom&#8221; custom_background=&#8221;#34343480&#8243; custom_text=&#8221;#FFFFFF&#8221; size=&#8221;lg&#8221; align=&#8221;center&#8221; css_animation=&#8221;fadeInUp&#8221; css=&#8221;&#8221; link=&#8221;url:%23nayttely|||&#8221;][\/vc_column_inner][vc_column_inner width=&#8221;1\/2&#8243; css=&#8221;.vc_custom_1744010555021{margin-top: 0px !important;}&#8221;][vc_btn title=&#8221;Taiteilijat&#8221; style=&#8221;custom&#8221; custom_background=&#8221;#34343480&#8243; custom_text=&#8221;#FFFFFF&#8221; size=&#8221;lg&#8221; align=&#8221;center&#8221; css_animation=&#8221;fadeInUp&#8221; css=&#8221;&#8221; link=&#8221;url:https%3A%2F%2Fwww.someronkivimeijeri.fi%2F%3Fpage_id%3D8991|title:Taitelijat%202024&#8243;][\/vc_column_inner][\/vc_row_inner][vc_row_inner][vc_column_inner css=&#8221;.vc_custom_1525073554648{margin-top: 155px !important;}&#8221;][vc_icon type=&#8221;entypo&#8221; icon_entypo=&#8221;entypo-icon entypo-icon-down-open-big&#8221; color=&#8221;white&#8221; size=&#8221;xl&#8221; align=&#8221;center&#8221; css_animation=&#8221;slideInDown&#8221; link=&#8221;url:%23nayttely|||&#8221;][\/vc_column_inner][\/vc_row_inner][\/vc_column][\/vc_row][vc_row full_width=&#8221;stretch_row&#8221; content_placement=&#8221;middle&#8221; bg_type=&#8221;bg_color&#8221; parallax_content=&#8221;parallax_content_value&#8221; fadeout_row=&#8221;fadeout_row_value&#8221; ult_hide_row=&#8221;ult_hide_row_value&#8221; ult_hide_row_large_screen=&#8221;large_screen&#8221; ult_hide_row_desktop=&#8221;desktop&#8221; ult_hide_row_tablet=&#8221;tablet&#8221; ult_hide_row_tablet_small=&#8221;xs_tablet&#8221; css=&#8221;.vc_custom_1744270348868{margin-top: 0px !important;}&#8221;][vc_column css=&#8221;.vc_custom_1744270343434{margin-top: 0px !important;}&#8221;][vc_column_text css_animation=&#8221;fadeIn&#8221; css=&#8221;.vc_custom_1744271634497{margin-top: 20px !important;margin-right: 0px !important;margin-left: 0px !important;}&#8221;]<\/p>\n<p style=\"text-align: left;\"><strong>Syvien juurten laakso -suurn\u00e4yttely Someron Kivimeijerill\u00e4 14.6.-17.8.2025<\/strong><\/p>\n<p style=\"text-align: left;\">Taiteilijat: Kari Cav\u00e9n, Antero Kare, Vesa-Pekka Rannikko, Tuomo Saali, Raili Tang ja Erik Uddstr\u00f6m.<\/p>\n<p style=\"text-align: left;\">Katso taitelijaesittelyt <a href=\"https:\/\/www.someronkivimeijeri.fi\/?page_id=8991\">t\u00e4\u00e4lt\u00e4<\/a>.<\/p>\n<p>Someron Kivimeijerin kuudestoista suurn\u00e4yttely <strong><em>SYVIEN JUURTEN LAAKSO<\/em><\/strong> k\u00e4ytt\u00e4\u00e4 kuvaussanoja ylisuuret maisemat, suurkertomukset, luonnon ihmeet, matematiikan lainalaisuudet, inhimillinen keksimiskyky ja haltioituminen.<\/p>\n<p><strong><em>Vesa-Pekka Rannikon<\/em><\/strong> taiteellinen ty\u00f6skentely on keskittynyt julkisen tilan projekteihin, liikkuvan kuvan installaatioihin ja t\u00e4ss\u00e4 n\u00e4yttelyss\u00e4 n\u00e4ht\u00e4viin veistoksen ja maalauksen ominaisuuksia yhdist\u00e4v\u00e4\u00e4n ty\u00f6skentelyyn.<\/p>\n<p>Rannikon l\u00e4piv\u00e4rj\u00e4tyt kipsiveistokset sekoittavat luonnontieteellist\u00e4 kuvastoa hy\u00f6nteisiin ja kasveihin. V\u00e4rikk\u00e4\u00e4t t\u00e4pl\u00e4t, tuntosarvet ja pitkulaiset ulokkeet leikittelev\u00e4t tunnistamisen rajoilla. Perhosharrastus sai h\u00e4net kommentoimaan Someron luonnonerikoisuutta \u00a0H\u00e4nt\u00e4l\u00e4n notkoja, jossa savimaan vajoaminen ja vuosituhantinen laidunnus on aikaansaanut mikroilmaston, ja sit\u00e4 kautta harvinaislaatuisen kasvuston ja el\u00e4imist\u00f6n. Teoksista l\u00f6ytyi apolloperhonen ja H\u00e4nt\u00e4l\u00e4n erikoisuushan on juuri pikkuapollo.<\/p>\n<p><strong><em>Kari Cav\u00e9nillakin<\/em><\/strong> on lukuisia julkisia teoksia, etenkin Ruotsissa ja lukuisia kansainv\u00e4lisi\u00e4 esiintymisi\u00e4, esimerkiksi Venetsian biennaalissa.<\/p>\n<p>Cav\u00e9n on tunnettu l\u00e4ht\u00f6kohtiensa moninaisuudesta: visuaalinen iloittelu, kielellinen kompa, sis\u00e4lt\u00f6merkityksien t\u00f6rm\u00e4ytys ja yll\u00e4tt\u00e4v\u00e4t materiaalirinnastukset. H\u00e4n toimii riskirajalla, onko teos tehty silm\u00e4lle vai aivoille. Esineet muuttuvat ajatuksiksi, ne h\u00e4vitt\u00e4v\u00e4t arkimerkityksens\u00e4 ja muuttuvat toisinajattelijoiksi, ottavat h\u00e4vytt\u00f6m\u00e4sti uuden luonteen ja esitt\u00e4v\u00e4t oman maailmansa omilla reunaehdoilla.<\/p>\n<p><strong><em>Raili Tang<\/em><\/strong> on rappari joka luottaa maaliaineen tunneinformaatioon. Paksut maalaukset ovat fyysisi\u00e4, aineellisuus luo tilaa joka ei ole oikeaa kolmiulotteisuutta vaan mielentila,\u00a0 jossa kaikki kelluu, on hitaassa liikkeess\u00e4. N\u00e4in varhaistuotannossa.<\/p>\n<p>Viime aikoina v\u00e4rikenttien p\u00e4\u00e4lle on ilmestynyt luonnon yksityiskohtia: puita, oksia, hedelmi\u00e4, kellokukkia, kuin siemeni\u00e4 varsissaan. N\u00e4m\u00e4 ovat vain verukkeita lis\u00e4t\u00e4 v\u00e4ririnnastusten ylti\u00f6tehoa ja usein ne esiintyv\u00e4t kuin levitoivina taustansa yl\u00e4puolella. T\u00e4ll\u00e4 tavalla Tang p\u00e4\u00e4see rikastamaan puhdasta abstraktiota. Ajan henki on tuonut mukaan johdattelevaa figuratiivisuutta, jossa silm\u00e4havainto on vain ehdotus, jossa v\u00e4ltet\u00e4\u00e4n naturalismin esinetarkkuus, kokosuhteet ja j\u00e4ljent\u00e4minen. Muraalimaiset maalausesineet hohtavat ylt\u00e4kyll\u00e4isyytt\u00e4.<\/p>\n<p><strong><em>Tuomo Saali<\/em><\/strong> lopetti juuri 35 vuoden opetuksen Aalto -yliopistossa. Kokeilut maaliaineilla ja hehkuvat v\u00e4rit ovat seuranneet h\u00e4nt\u00e4 l\u00e4pi taidehistoriallisten aikakausvaihteluiden teemojen: lelut, nallet, l\u00e4nnencowboyt, kristillinen Kreikka, Kiina, faaraoiden Egypti, August Strindbergin paksujen maalien infernot, Turner, Caspar David Friedrichin kaipuu, Pyh\u00e4 Franciscus ja linnut.<\/p>\n<p>Nyt maalaukset on valloittanut Suuri Vuori. Vai onko p\u00e4\u00e4osassa Syv\u00e4 Laakso, tai ehk\u00e4 Pilvien Myrskymassa? Kaiken keskell\u00e4 Pieni Ihminen selvitt\u00e4\u00e4 asemaansa ja tilannettaan, millaisten ilmi\u00f6iden keskell\u00e4 me taivallamme. Teokset hehkuvat v\u00e4reiss\u00e4 joita oikeassa maailmassa ei ole olemassa, niin, kuinka paljon meid\u00e4n ajattelussa, mielikuvituksessa yleens\u00e4k\u00e4\u00e4n on oikeasta maailmasta.<\/p>\n<p><strong><em>Antero Kareen<\/em><\/strong> aikamatkan kiintopisteet ovat olleet kansallisromantiikka, Kalevala, keskiaikaiset puuveistokset, muinainen kalliotaide (Myanndash -joki), ihmiskunnan ensimm\u00e4iset taideteokset (Kapova), kasvi- ja el\u00e4inmaailman fossiilit ja el\u00e4m\u00e4n alku el\u00e4vin\u00e4 taideteoksina el\u00e4vill\u00e4 bakteereilla ja mikrobeilla.<\/p>\n<p>P\u00e4\u00e4st\u00e4kseen aikamatkalla taaksep\u00e4in on biologisesta ajasta siirrytt\u00e4v\u00e4 geologiseen aikaan. Ty\u00f6huoneen muutto Somerolle toi Kareelle my\u00f6s mahdollisuuden keramiikkaveistosten tekemiseen. Geologian suurvoimia ovat tulivuoret, oikeastaan kuumuus. Juuri sit\u00e4 keramiikka k\u00e4ytt\u00e4\u00e4, uunin kuumuudessa tapahtuu tuhansia kemiallisia reaktioita, joissa savi saa uuden ulkomuodon ja metallit ja kivet muuttuvat valoa heijastaviksi pinnoiksi. Uusien teosten teemat tulevat Lapin maanj\u00e4ristyksist\u00e4: Kultima, Riikonkumpu, Korteaava.<\/p>\n<p><strong><em>Erk Uddstr\u00f6mill\u00e4<\/em><\/strong> on yli 30 vuoden kokemus valokuvaajana ja graafisena suunnittelijana mainonnan, muodin ja musiikin parissa, ja meriittin\u00e4 mm. yli tuhat levykantta Hectorista Esa-Pekka Saloseen.<\/p>\n<p>Uddstr\u00f6m rakastaa vett\u00e4. H\u00e4n kuvaa merta ja saaristoa y\u00f6ll\u00e4 ja p\u00e4iv\u00e4ll\u00e4 eli kohteensa monipuolisuutta: ikuisesti vaihtuvia v\u00e4rej\u00e4, j\u00e4\u00e4lauttojen kelluntaa, aaltojen pehmeytt\u00e4, pilvien draamaa, kuun siltaa, kallioiden j\u00e4k\u00e4li\u00e4; kuvat t\u00e4yttyv\u00e4t merkityksist\u00e4, visuaalisuudesta, tunnelmasta, yhteisist\u00e4 kokemuksista, kauppalaivojen sosiaalisuudesta, siit\u00e4 kokonaisuudesta jonka niinkin yksinkertainen sana kuin meri sis\u00e4lt\u00e4\u00e4.[\/vc_column_text][\/vc_column][\/vc_row][vc_row full_width=&#8221;stretch_row&#8221; content_placement=&#8221;middle&#8221; bg_type=&#8221;bg_color&#8221; parallax_content=&#8221;parallax_content_value&#8221; fadeout_row=&#8221;fadeout_row_value&#8221; ult_hide_row=&#8221;ult_hide_row_value&#8221; ult_hide_row_large_screen=&#8221;large_screen&#8221; ult_hide_row_desktop=&#8221;desktop&#8221; ult_hide_row_tablet=&#8221;tablet&#8221; ult_hide_row_tablet_small=&#8221;xs_tablet&#8221; css=&#8221;.vc_custom_1744271590426{margin-top: 0px !important;}&#8221;][vc_column css=&#8221;.vc_custom_1744270343434{margin-top: 0px !important;}&#8221;][vc_gallery interval=&#8221;3&#8243; images=&#8221;9478,9467,9466,9458,9457,9440,9422,9411,9410&#8243; css=&#8221;&#8221;][\/vc_column][\/vc_row][vc_row full_width=&#8221;stretch_row&#8221; content_placement=&#8221;middle&#8221; bg_type=&#8221;bg_color&#8221; parallax_content=&#8221;parallax_content_value&#8221; fadeout_row=&#8221;fadeout_row_value&#8221; ult_hide_row=&#8221;ult_hide_row_value&#8221; ult_hide_row_large_screen=&#8221;large_screen&#8221; ult_hide_row_desktop=&#8221;desktop&#8221; ult_hide_row_tablet=&#8221;tablet&#8221; ult_hide_row_tablet_small=&#8221;xs_tablet&#8221; css=&#8221;.vc_custom_1744271583098{margin-top: 0px !important;}&#8221;][vc_column css=&#8221;.vc_custom_1744270343434{margin-top: 0px !important;}&#8221;][vc_column_text css=&#8221;&#8221;]Avoinna joka p\u00e4iv\u00e4 12.-18.00<\/p>\n<p>Aikuiset 10 \u20ac, nuoret 5 \u20ac, lapset alle 7 v 0 \u20ac<\/p>\n<p>Kurssit: <a href=\"https:\/\/www.someronkivimeijeri.fi\">www.someronkivimeijeri.fi<\/a><\/p>\n<p>RAKUFESTIVAALI 11.-13.7.[\/vc_column_text][\/vc_column][\/vc_row][vc_row full_width=&#8221;stretch_row&#8221; content_placement=&#8221;middle&#8221; bg_type=&#8221;bg_color&#8221; parallax_content=&#8221;parallax_content_value&#8221; fadeout_row=&#8221;fadeout_row_value&#8221; ult_hide_row=&#8221;ult_hide_row_value&#8221; ult_hide_row_mobile=&#8221;mobile&#8221; ult_hide_row_mobile_large=&#8221;xl_mobile&#8221; el_id=&#8221;nayttely&#8221; css=&#8221;.vc_custom_1744270425056{margin-top: 50px !important;}&#8221;][vc_column][vc_column_text css_animation=&#8221;fadeIn&#8221; css=&#8221;.vc_custom_1744270559867{margin-top: 0px !important;}&#8221;]<\/p>\n<p style=\"padding-left: 40px; text-align: left;\"><strong>Syvien juurten laakso -suurn\u00e4yttely Someron Kivimeijerill\u00e4 14.6.-17.8.2025<\/strong><\/p>\n<p style=\"padding-left: 40px; text-align: left;\">Taiteilijat: Kari Cav\u00e9n, Antero Kare, Vesa-Pekka Rannikko, Tuomo Saali, Raili Tang ja Erik Uddstr\u00f6m.<\/p>\n<p style=\"padding-left: 40px; text-align: left;\">Katso taitelijaesittelyt <a href=\"https:\/\/www.someronkivimeijeri.fi\/?page_id=8991\">t\u00e4\u00e4lt\u00e4<\/a>.<\/p>\n<p style=\"padding-left: 40px;\">Someron Kivimeijerin kuudestoista suurn\u00e4yttely <strong><em>SYVIEN JUURTEN LAAKSO<\/em><\/strong> k\u00e4ytt\u00e4\u00e4 kuvaussanoja ylisuuret maisemat, suurkertomukset, luonnon ihmeet, matematiikan lainalaisuudet, inhimillinen keksimiskyky ja haltioituminen.<\/p>\n<p style=\"padding-left: 40px;\"><strong><em>Vesa-Pekka Rannikon<\/em><\/strong> taiteellinen ty\u00f6skentely on keskittynyt julkisen tilan projekteihin, liikkuvan kuvan installaatioihin ja t\u00e4ss\u00e4 n\u00e4yttelyss\u00e4 n\u00e4ht\u00e4viin veistoksen ja maalauksen ominaisuuksia yhdist\u00e4v\u00e4\u00e4n ty\u00f6skentelyyn.<\/p>\n<p style=\"padding-left: 40px;\">Rannikon l\u00e4piv\u00e4rj\u00e4tyt kipsiveistokset sekoittavat luonnontieteellist\u00e4 kuvastoa hy\u00f6nteisiin ja kasveihin. V\u00e4rikk\u00e4\u00e4t t\u00e4pl\u00e4t, tuntosarvet ja pitkulaiset ulokkeet leikittelev\u00e4t tunnistamisen rajoilla. Perhosharrastus sai h\u00e4net kommentoimaan Someron luonnonerikoisuutta \u00a0H\u00e4nt\u00e4l\u00e4n notkoja, jossa savimaan vajoaminen ja vuosituhantinen laidunnus on aikaansaanut mikroilmaston, ja sit\u00e4 kautta harvinaislaatuisen kasvuston ja el\u00e4imist\u00f6n. Teoksista l\u00f6ytyi apolloperhonen ja H\u00e4nt\u00e4l\u00e4n erikoisuushan on juuri pikkuapollo.<\/p>\n<p style=\"padding-left: 40px;\"><strong><em>Kari Cav\u00e9nillakin<\/em><\/strong> on lukuisia julkisia teoksia, etenkin Ruotsissa ja lukuisia kansainv\u00e4lisi\u00e4 esiintymisi\u00e4, esimerkiksi Venetsian biennaalissa.<\/p>\n<p style=\"padding-left: 40px;\">Cav\u00e9n on tunnettu l\u00e4ht\u00f6kohtiensa moninaisuudesta: visuaalinen iloittelu, kielellinen kompa, sis\u00e4lt\u00f6merkityksien t\u00f6rm\u00e4ytys ja yll\u00e4tt\u00e4v\u00e4t materiaalirinnastukset. H\u00e4n toimii riskirajalla, onko teos tehty silm\u00e4lle vai aivoille. Esineet muuttuvat ajatuksiksi, ne h\u00e4vitt\u00e4v\u00e4t arkimerkityksens\u00e4 ja muuttuvat toisinajattelijoiksi, ottavat h\u00e4vytt\u00f6m\u00e4sti uuden luonteen ja esitt\u00e4v\u00e4t oman maailmansa omilla reunaehdoilla.<\/p>\n<p style=\"padding-left: 40px;\"><strong><em>Raili Tang<\/em><\/strong> on rappari joka luottaa maaliaineen tunneinformaatioon. Paksut maalaukset ovat fyysisi\u00e4, aineellisuus luo tilaa joka ei ole oikeaa kolmiulotteisuutta vaan mielentila,\u00a0 jossa kaikki kelluu, on hitaassa liikkeess\u00e4. N\u00e4in varhaistuotannossa.<\/p>\n<p style=\"padding-left: 40px;\">Viime aikoina v\u00e4rikenttien p\u00e4\u00e4lle on ilmestynyt luonnon yksityiskohtia: puita, oksia, hedelmi\u00e4, kellokukkia, kuin siemeni\u00e4 varsissaan. N\u00e4m\u00e4 ovat vain verukkeita lis\u00e4t\u00e4 v\u00e4ririnnastusten ylti\u00f6tehoa ja usein ne esiintyv\u00e4t kuin levitoivina taustansa yl\u00e4puolella. T\u00e4ll\u00e4 tavalla Tang p\u00e4\u00e4see rikastamaan puhdasta abstraktiota. Ajan henki on tuonut mukaan johdattelevaa figuratiivisuutta, jossa silm\u00e4havainto on vain ehdotus, jossa v\u00e4ltet\u00e4\u00e4n naturalismin esinetarkkuus, kokosuhteet ja j\u00e4ljent\u00e4minen. Muraalimaiset maalausesineet hohtavat ylt\u00e4kyll\u00e4isyytt\u00e4.<\/p>\n<p style=\"padding-left: 40px;\"><strong><em>Tuomo Saali<\/em><\/strong> lopetti juuri 35 vuoden opetuksen Aalto -yliopistossa. Kokeilut maaliaineilla ja hehkuvat v\u00e4rit ovat seuranneet h\u00e4nt\u00e4 l\u00e4pi taidehistoriallisten aikakausvaihteluiden teemojen: lelut, nallet, l\u00e4nnencowboyt, kristillinen Kreikka, Kiina, faaraoiden Egypti, August Strindbergin paksujen maalien infernot, Turner, Caspar David Friedrichin kaipuu, Pyh\u00e4 Franciscus ja linnut.<\/p>\n<p style=\"padding-left: 40px;\">Nyt maalaukset on valloittanut Suuri Vuori. Vai onko p\u00e4\u00e4osassa Syv\u00e4 Laakso, tai ehk\u00e4 Pilvien Myrskymassa? Kaiken keskell\u00e4 Pieni Ihminen selvitt\u00e4\u00e4 asemaansa ja tilannettaan, millaisten ilmi\u00f6iden keskell\u00e4 me taivallamme. Teokset hehkuvat v\u00e4reiss\u00e4 joita oikeassa maailmassa ei ole olemassa, niin, kuinka paljon meid\u00e4n ajattelussa, mielikuvituksessa yleens\u00e4k\u00e4\u00e4n on oikeasta maailmasta.<\/p>\n<p style=\"padding-left: 40px;\"><strong><em>Antero Kareen<\/em><\/strong> aikamatkan kiintopisteet ovat olleet kansallisromantiikka, Kalevala, keskiaikaiset puuveistokset, muinainen kalliotaide (Myanndash -joki), ihmiskunnan ensimm\u00e4iset taideteokset (Kapova), kasvi- ja el\u00e4inmaailman fossiilit ja el\u00e4m\u00e4n alku el\u00e4vin\u00e4 taideteoksina el\u00e4vill\u00e4 bakteereilla ja mikrobeilla.<\/p>\n<p style=\"padding-left: 40px;\">P\u00e4\u00e4st\u00e4kseen aikamatkalla taaksep\u00e4in on biologisesta ajasta siirrytt\u00e4v\u00e4 geologiseen aikaan. Ty\u00f6huoneen muutto Somerolle toi Kareelle my\u00f6s mahdollisuuden keramiikkaveistosten tekemiseen. Geologian suurvoimia ovat tulivuoret, oikeastaan kuumuus. Juuri sit\u00e4 keramiikka k\u00e4ytt\u00e4\u00e4, uunin kuumuudessa tapahtuu tuhansia kemiallisia reaktioita, joissa savi saa uuden ulkomuodon ja metallit ja kivet muuttuvat valoa heijastaviksi pinnoiksi. Uusien teosten teemat tulevat Lapin maanj\u00e4ristyksist\u00e4: Kultima, Riikonkumpu, Korteaava.<\/p>\n<p style=\"padding-left: 40px;\"><strong><em>Erk Uddstr\u00f6mill\u00e4<\/em><\/strong> on yli 30 vuoden kokemus valokuvaajana ja graafisena suunnittelijana mainonnan, muodin ja musiikin parissa, ja meriittin\u00e4 mm. yli tuhat levykantta Hectorista Esa-Pekka Saloseen.<\/p>\n<p style=\"padding-left: 40px;\">Uddstr\u00f6m rakastaa vett\u00e4. H\u00e4n kuvaa merta ja saaristoa y\u00f6ll\u00e4 ja p\u00e4iv\u00e4ll\u00e4 eli kohteensa monipuolisuutta: ikuisesti vaihtuvia v\u00e4rej\u00e4, j\u00e4\u00e4lauttojen kelluntaa, aaltojen pehmeytt\u00e4, pilvien draamaa, kuun siltaa, kallioiden j\u00e4k\u00e4li\u00e4; kuvat t\u00e4yttyv\u00e4t merkityksist\u00e4, visuaalisuudesta, tunnelmasta, yhteisist\u00e4 kokemuksista, kauppalaivojen sosiaalisuudesta, siit\u00e4 kokonaisuudesta jonka niinkin yksinkertainen sana kuin meri sis\u00e4lt\u00e4\u00e4.<\/p>\n<p>[\/vc_column_text][vc_row_inner css=&#8221;.vc_custom_1744270965553{margin-top: 50px !important;margin-left: 30px !important;}&#8221;][vc_column_inner width=&#8221;1\/2&#8243;][vc_column_text css=&#8221;&#8221;]Avoinna joka p\u00e4iv\u00e4 12.-18.00<\/p>\n<p>Aikuiset 10 \u20ac, nuoret 5 \u20ac, lapset alle 7 v 0 \u20ac<\/p>\n<p>Kurssit: <a href=\"https:\/\/www.someronkivimeijeri.fi\">www.someronkivimeijeri.fi<\/a><\/p>\n<p>RAKUFESTIVAALI 11.-13.7.2025[\/vc_column_text][\/vc_column_inner][vc_column_inner width=&#8221;1\/2&#8243;][vc_images_carousel images=&#8221;9478,9458,9457,9440,9421,9411,9410,9230,9229&#8243; img_size=&#8221;medium&#8221; css=&#8221;.vc_custom_1744270893775{margin-left: 5px !important;}&#8221;][\/vc_column_inner][\/vc_row_inner][\/vc_column][\/vc_row][vc_column][vc_column_text][\/vc_column_text][\/vc_column]<\/p>\n<\/div>","protected":false},"excerpt":{"rendered":"<p class=\"card-text\">[vc_row full_width=&#8221;stretch_row&#8221; full_height=&#8221;yes&#8221; equal_height=&#8221;yes&#8221; bg_type=&#8221;image&#8221; parallax_style=&#8221;vcpb-default&#8221; bg_image_new=&#8221;id^9229|url^https:\/\/www.someronkivimeijeri.fi\/wp-content\/uploads\/2025\/04\/Vesa_Pekka_Rannikko_Apo_2023_183x64x35cm_lapivarjatty-kipsi_kuva_Jussi_Tiainen_GA4410.jpg|caption^null|alt^null|title^Vesa_Pekka_Rannikko_Apo_2023_183x64x35cm_la\u0308piva\u0308rja\u0308tty kipsi_kuva_Jussi_Tiainen_GA4410|description^null&#8221; bg_image_repeat=&#8221;no-repeat&#8221; bg_img_attach=&#8221;fixed&#8221; bg_override=&#8221;full&#8221; parallax_content=&#8221;parallax_content_value&#8221; fadeout_row=&#8221;fadeout_row_value&#8221; enable_overlay=&#8221;enable_overlay_value&#8221; overlay_color=&#8221;#96A7B8&#8243; overlay_pattern=&#8221;08.png&#8221; overlay_pattern_opacity=&#8221;80&#8243; overlay_pattern_size=&#8221;0&#8243; ult_hide_row=&#8221;ult_hide_row_value&#8221; ult_hide_row_mobile=&#8221;mobile&#8221; ult_hide_row_mobile_large=&#8221;xl_mobile&#8221; css=&#8221;.vc_custom_1744270320545{margin-bottom: 50px !important;}&#8221;][vc_column][vc_custom_heading text=&#8221;SYVIEN JUURTEN LAAKSO&#8221; font_container=&#8221;tag:h2|font_size:4%20em|text_align:center|color:%23E16803|line_height:1%20em&#8221; google_fonts=&#8221;font_family:Montserrat%3Aregular%2C700|font_style:700%20bold%20regular%3A700%3Anormal&#8221; css_animation=&#8221;fadeInDown&#8221; css=&#8221;.vc_custom_1744267804425{margin-bottom: 0px !important;padding-top: 25px !important;padding-right: 25px !important;padding-bottom: 25px !important;padding-left: 25px !important;background-position: center !important;background-repeat: no-repeat !important;background-size: cover !important;}&#8221;][vc_custom_heading text=&#8221;Someron Kivimeijeri 14.6.-17.8.2025&#8243; font_container=&#8221;tag:h4|font_size:2%20em|text_align:center|color:%23000000|line_height:1&#8243; google_fonts=&#8221;font_family:Montserrat%3Aregular%2C700|font_style:400%20regular%3A400%3Anormal&#8221; css_animation=&#8221;fadeInDown&#8221; css=&#8221;.vc_custom_1744267890638{margin-top: 0px [&#8230;]<\/p>\n<p class=\"m-0\"><a class=\"btn btn-outline-secondary btn-read-more\" href=\"https:\/\/www.someronkivimeijeri.fi\/?page_id=9220\">Read More<\/a><\/p>\n","protected":false},"author":1,"featured_media":0,"parent":0,"menu_order":0,"comment_status":"closed","ping_status":"closed","template":"","meta":{"footnotes":""},"class_list":["post-9220","page","type-page","status-publish","hentry"],"_links":{"self":[{"href":"https:\/\/www.someronkivimeijeri.fi\/index.php?rest_route=\/wp\/v2\/pages\/9220","targetHints":{"allow":["GET"]}}],"collection":[{"href":"https:\/\/www.someronkivimeijeri.fi\/index.php?rest_route=\/wp\/v2\/pages"}],"about":[{"href":"https:\/\/www.someronkivimeijeri.fi\/index.php?rest_route=\/wp\/v2\/types\/page"}],"author":[{"embeddable":true,"href":"https:\/\/www.someronkivimeijeri.fi\/index.php?rest_route=\/wp\/v2\/users\/1"}],"replies":[{"embeddable":true,"href":"https:\/\/www.someronkivimeijeri.fi\/index.php?rest_route=%2Fwp%2Fv2%2Fcomments&post=9220"}],"version-history":[{"count":179,"href":"https:\/\/www.someronkivimeijeri.fi\/index.php?rest_route=\/wp\/v2\/pages\/9220\/revisions"}],"predecessor-version":[{"id":9585,"href":"https:\/\/www.someronkivimeijeri.fi\/index.php?rest_route=\/wp\/v2\/pages\/9220\/revisions\/9585"}],"wp:attachment":[{"href":"https:\/\/www.someronkivimeijeri.fi\/index.php?rest_route=%2Fwp%2Fv2%2Fmedia&parent=9220"}],"curies":[{"name":"wp","href":"https:\/\/api.w.org\/{rel}","templated":true}]}}