{"id":7654,"date":"2020-04-08T16:24:40","date_gmt":"2020-04-08T13:24:40","guid":{"rendered":"http:\/\/www.someronkivimeijeri.fi\/?page_id=7654"},"modified":"2020-07-16T13:26:10","modified_gmt":"2020-07-16T10:26:10","slug":"hiivamerikatveessa","status":"publish","type":"page","link":"https:\/\/www.someronkivimeijeri.fi\/?page_id=7654","title":{"rendered":"Hiivamerikatveessa"},"content":{"rendered":"<div class=\"wpb-content-wrapper\"><p>[vc_row full_width=&#8221;stretch_row&#8221; full_height=&#8221;yes&#8221; equal_height=&#8221;yes&#8221; bg_type=&#8221;image&#8221; parallax_style=&#8221;vcpb-default&#8221; bg_image_new=&#8221;id^7637|url^https:\/\/www.someronkivimeijeri.fi\/wp-content\/uploads\/2020\/03\/Mikko-Paakkola-IMG_20200126_193902-2-scaled.jpg|caption^null|alt^null|title^Mikko Paakkola IMG_20200126_193902 (2)|description^null&#8221; bg_image_repeat=&#8221;no-repeat&#8221; bg_override=&#8221;full&#8221; parallax_content=&#8221;parallax_content_value&#8221; fadeout_row=&#8221;fadeout_row_value&#8221; enable_overlay=&#8221;enable_overlay_value&#8221; overlay_pattern=&#8221;07.png&#8221; overlay_pattern_opacity=&#8221;60&#8243;][vc_column][vc_custom_heading text=&#8221;HIIVAMERIKATVEESSA<br \/>\n-n\u00e4yttely&#8221; font_container=&#8221;tag:h2|font_size:3em|text_align:center|color:%2301c1cf|line_height:1&#8243; google_fonts=&#8221;font_family:Montserrat%3Aregular%2C700|font_style:700%20bold%20regular%3A700%3Anormal&#8221; css_animation=&#8221;fadeInDown&#8221; css=&#8221;.vc_custom_1586879546327{margin-top: 50px !important;margin-bottom: 45px !important;padding-bottom: 20px !important;background-position: center !important;background-repeat: no-repeat !important;background-size: cover !important;}&#8221;][vc_custom_heading text=&#8221;13.6.- 16.8.2020&#8243; font_container=&#8221;tag:h2|font_size:2em|text_align:center|color:%23ffffff&#8221; google_fonts=&#8221;font_family:Montserrat%3Aregular%2C700|font_style:400%20regular%3A400%3Anormal&#8221; css_animation=&#8221;fadeInDown&#8221;][vc_row_inner][vc_column_inner width=&#8221;1\/2&#8243; css=&#8221;.vc_custom_1525027995917{margin-top: 60px !important;}&#8221;][vc_btn title=&#8221;N\u00e4yttely&#8221; style=&#8221;flat&#8221; color=&#8221;turquoise&#8221; size=&#8221;lg&#8221; align=&#8221;center&#8221; css_animation=&#8221;fadeInUp&#8221; link=&#8221;url:%23nayttely|||&#8221;][\/vc_column_inner][vc_column_inner width=&#8221;1\/2&#8243; css=&#8221;.vc_custom_1525027095029{margin-top: 60px !important;}&#8221;][vc_btn title=&#8221;Taitelijat&#8221; style=&#8221;flat&#8221; color=&#8221;turquoise&#8221; size=&#8221;lg&#8221; align=&#8221;center&#8221; css_animation=&#8221;fadeInUp&#8221; link=&#8221;url:http%3A%2F%2Fwww.someronkivimeijeri.fi%2F%3Fpage_id%3D7598|title:Taitelijat%202019||&#8221;][\/vc_column_inner][\/vc_row_inner][vc_row_inner][vc_column_inner css=&#8221;.vc_custom_1525073554648{margin-top: 155px !important;}&#8221;][vc_icon type=&#8221;entypo&#8221; icon_entypo=&#8221;entypo-icon entypo-icon-down-open-big&#8221; color=&#8221;white&#8221; size=&#8221;xl&#8221; align=&#8221;center&#8221; css_animation=&#8221;slideInDown&#8221; link=&#8221;url:%23nayttely|||&#8221;][\/vc_column_inner][\/vc_row_inner][\/vc_column][\/vc_row][vc_row full_width=&#8221;stretch_row&#8221; bg_type=&#8221;image&#8221; parallax_style=&#8221;vcpb-default&#8221; bg_image_repeat=&#8221;no-repeat&#8221; parallax_content=&#8221;parallax_content_value&#8221; fadeout_row=&#8221;fadeout_row_value&#8221; el_id=&#8221;nayttely&#8221; css=&#8221;.vc_custom_1525105298779{margin-top: 25px !important;}&#8221;][vc_column][vc_column_text]<strong>HIIVAMERIKATVEESSA -N\u00c4YTTELY<\/strong><\/p>\n<p>13.6.-16.8. 2020<\/p>\n<p>Someron Kivimeijerin yhdestoista suuri n\u00e4yttely <em>Hiivamerikatveessa<\/em> koostuu erityisist\u00e4 valokuvista, taivaallisista maalauksista, monimuotoisesta keramiikasta ja nykyhetkeen tuoduista menneisyystarinoista.<\/p>\n<p><em>Mikko Paakkolan<\/em> n\u00e4yttelyesiintymisist\u00e4 suuri osa on kansainv\u00e4lisi\u00e4, asuihan h\u00e4n kymmenen vuotta EU:n p\u00e4\u00e4paikassa Brysseliss\u00e4. Aiheekseen h\u00e4n on ottanut horisontin, sen yl\u00e4 ja alapuolen, taivaan ja meren, tai oikeastaan ihmisen kaipauksen jonnekin muualle, unelman. Taivaalla h\u00e4n n\u00e4kee t\u00e4hdet ja kuun ja kuun merist\u00e4 h\u00e4n valitsee kodikseen \u201cHiljaisuuden meren\u201d.<\/p>\n<p><em>Johanna Rotko<\/em> valokuvaa henkil\u00f6kuvia. H\u00e4n vedostaa kuvansa el\u00e4v\u00e4lle hiivalle, joka ajan kuluessa kasvaa ja kehittyy, sek\u00e4 saa pinnalleen vieraita mikrobeja kasvamaan kuvan mukana ja p\u00e4\u00e4lle. Todellisia el\u00e4vi\u00e4 Dorian Grayn muotokuvia. Rotkon viimeaikaiset esiintymiset ovat tapahtuneet Merikeskus Vellomossa, Dublinin Science Galleryss\u00e4 ja Biotaiteen seuran Solu -galleriassa Helsingiss\u00e4.<\/p>\n<p>Someron Kivimeijerin toiminnan kiinnostus erikoistekniikoihin, valokuvauksessa\u00a0 tintype &#8211; m\u00e4rk\u00e4levyyn (Antas), puhelinkuviin (Mallander), kollaaseihin (Takalo-Eskola), kameran ja tietokoneen yhteistoimintaan (Halso) ja vaikkapa tilannelavastuksiin (Bremer) n\u00e4kyy my\u00f6s keramiikan puolella. Olemme kiinnitt\u00e4neet huomiota v\u00e4hemm\u00e4n harrastetuihin keraamisiin ty\u00f6tapoihin: obvara, crocodile skin, nakuraku ja biologiset menetelm\u00e4t.<\/p>\n<p>Keraamikot ovat yleens\u00e4 vahvasti sidoksissa materiaaleihinsa. <em>Miia Kallio<\/em> sanoo: \u201cAjattelen k\u00e4sill\u00e4ni, k\u00e4sit\u00e4n\u201d.\u00a0 H\u00e4n k\u00e4ytt\u00e4\u00e4 paljon punasavea, kiillottaa ja savustaa, ja punasavestahan Somerokin on kuuluisa. <em>Cornelius Colliander<\/em> on \u201csuorassa yhteydess\u00e4 maankuoreen, jolla seison, sielt\u00e4 savi tulee\u201d. H\u00e4nen suuret ruukkunsa edustavat koko keramiikan esinetuotannon suurta perinnetuntemusta ja k\u00e4yt\u00e4nn\u00f6n hallintaa.[\/vc_column_text][\/vc_column][\/vc_row][vc_row full_width=&#8221;stretch_row&#8221; bg_type=&#8221;bg_color&#8221; bg_color_value=&#8221;#ffffff&#8221;][vc_column css=&#8221;.vc_custom_1577631902993{margin-top: 10px !important;margin-bottom: 10px !important;}&#8221;][vc_gallery type=&#8221;nivo&#8221; interval=&#8221;0&#8243; images=&#8221;7681,7688,8004,7694,7679,7685,7686,7689,7692,7693,7684,7683,7687,7690&#8243; img_size=&#8221;full&#8221;][vc_row_inner][vc_column_inner][vc_column_text]<em>Leena M\u00e4ki-Patola <\/em>tekee mielen majoja, joihin h\u00e4n sijoittaa k\u00e4sitteit\u00e4: valta, vastuu, vapaus, kunnia, n\u00f6yryys. Sis\u00e4lt\u00f6kannatajina toimivat naamiot, korennot, siivet, majat ja t\u00e4ss\u00e4 n\u00e4yttelyss\u00e4 etenkin erilaiset kaapit. <em>Tiia Matikaisen <\/em>veistoshahmojen visuaalisina l\u00e4ht\u00f6kohtina ovat olleet Rooman hautausmaiden surupatsaat sek\u00e4 sarjakuvien ja elokuvien m\u00f6rk\u00f6hahmot. Veistosten laskostuva pinta toimii piiloutumisen ja verhoutumisen peitt\u00e4v\u00e4n\u00e4 kaapuna, eik\u00e4 pelon ilmapiiri ole kovin kaukana.<\/p>\n<p><em>Catharina Kajander <\/em>\u00a0tuo n\u00e4yttelyyn uusia teoksia. <em>Maata Venetsiasta<\/em> on viime kes\u00e4n k\u00e4sinrakennettu ty\u00f6 San Marcon tiilisavesta. Aivan uusi on <em>Maata Kultelasta<\/em>, jonka osat ovat k\u00e4sinpr\u00e4ss\u00e4ttyj\u00e4 ja koottu kopioiduilla Roosin kaakeliuunien kaakelimalleilla Kultelan savenvalajan museosta Somerolla, varustettuna h\u00e4nen espanjalaisen yhteisty\u00f6museon Quartin perinteisill\u00e4 leijonanjaloilla.<\/p>\n<p><em>Antero Kareen <\/em>muinaisretkien tekniikka on viime vuosina keskittynyt keraamiikkaan. H\u00e4n on kokeillut biologisia menetelmi\u00e4 saven k\u00e4sittelyss\u00e4, ja aihemaailma tulee nyt geologian ja erilaisten kasvustojen myllerryksest\u00e4. Uusi sarja saa nimens\u00e4 geologiselta i\u00e4lt\u00e4\u00e4n nuorien, j\u00e4\u00e4kauden j\u00e4lkeisien kallioper\u00e4n siirroksien mukaan, <em>Pasmaj\u00e4rvi <\/em>esimerkkin\u00e4.[\/vc_column_text][vc_video link=&#8221;https:\/\/youtu.be\/VGZNI8ggRpE&#8221; el_width=&#8221;50&#8243; align=&#8221;center&#8221; css_animation=&#8221;fadeIn&#8221; css=&#8221;.vc_custom_1592298439326{margin-top: 50px !important;margin-bottom: 50px !important;}&#8221;][vc_column_text]<em>Aimo Hyv\u00e4rinen<\/em> on valmistanut <em>Suon ylitys &#8211;<\/em>dokumenttielokuvan <em>Ilkka Juhani Takalo-Eskolasta<\/em>. Elokuva k\u00e4sittelee v\u00e4rik\u00e4st\u00e4 ja polveilevaa taiteilijapersoonaa alkaen lapsuudesta Keminmaalla ja Oulaisissa opiskelijael\u00e4m\u00e4\u00e4n Helsingiss\u00e4, kirjalliseen uraan, Elonkorjaajiin ja aina Taideakatemian rehtoriksi, Sydneyn 8. biennaaleen ja Osakaan asti haastatteluin, arkistovideoiden (mm. Erkki Pirtolan arkisto), valokuvien ja tarinoiden kautta.<\/p>\n<p><em>Suon ylityksen <\/em>ensiesitys tapahtuu tiistaina 23.6. kello 12.00. Elokuvaa n\u00e4ytet\u00e4\u00e4n n\u00e4yttelyss\u00e4 kaksi kertaa p\u00e4iv\u00e4ss\u00e4 ja sit\u00e4 tukee pieni Takalo-Eskolan teosten osasto.<\/p>\n<p><strong>Someron Kivimeijerin ty\u00f6symposiumit ja kurssit<br \/>\n<\/strong><\/p>\n<ul>\n<li>Keramiikan erityissymposium 1.-13.6<\/li>\n<li>Maalauskurssi 22.-28.6.<\/li>\n<li>Rakukeramiikan erikoistekniikoita -kurssi -24.6., 29.6.-1.7.,10.-12.7.<\/li>\n<li><strong>RAKUFESTIVAALI<\/strong> 10.-12.7.<\/li>\n<li>Ty\u00f6symposiumit 13.-19.7., 20.7.-26.7., 27.7.-2.8., 3.8.-30.8., 31.8.-27.9.<\/li>\n<\/ul>\n<p>[\/vc_column_text][\/vc_column_inner][\/vc_row_inner][vc_row_inner css=&#8221;.vc_custom_1525189178449{margin-bottom: 40px !important;}&#8221;][vc_column_inner width=&#8221;1\/3&#8243;][vc_column_text]N\u00e4yttely auki joka p\u00e4iv\u00e4 12-18.00.<br \/>\nLiput: aikuiset 5 \u20ac, nuoret 3 \u20ac, lapset 0 \u20ac.[\/vc_column_text][\/vc_column_inner][vc_column_inner width=&#8221;1\/3&#8243;][\/vc_column_inner][vc_column_inner width=&#8221;1\/3&#8243;][vc_column_text]<strong>Lehdist\u00f6 \/ Press<\/strong><br \/>\n<a href=\"https:\/\/www.someronkivimeijeri.fi\/wp-content\/uploads\/2020\/04\/Hiivamerikatveessa-tiedote-31.3.2020.docx\" target=\"_blank\" rel=\"noopener noreferrer\">Lehdist\u00f6tiedote<\/a><br \/>\nKuvia taitelijoiden\u00a0esittelysivuilla[\/vc_column_text][\/vc_column_inner][\/vc_row_inner][vc_row_inner][vc_column_inner width=&#8221;1\/3&#8243;][\/vc_column_inner][vc_column_inner width=&#8221;1\/3&#8243;][vc_column_text]<strong>Pitk\u00e4j\u00e4rven taide ja kulttuuri ry<\/strong><br \/>\nSomeron Kivimeijeri<br \/>\nTuruntie 1034,<br \/>\n31530 Py\u00f6li[\/vc_column_text][\/vc_column_inner][vc_column_inner width=&#8221;1\/3&#8243;][\/vc_column_inner][\/vc_row_inner][\/vc_column][\/vc_row][vc_column][vc_column_text][\/vc_column_text][\/vc_column]<\/p>\n<\/div>","protected":false},"excerpt":{"rendered":"<p class=\"card-text\">[vc_row full_width=&#8221;stretch_row&#8221; full_height=&#8221;yes&#8221; equal_height=&#8221;yes&#8221; bg_type=&#8221;image&#8221; parallax_style=&#8221;vcpb-default&#8221; bg_image_new=&#8221;id^7637|url^https:\/\/www.someronkivimeijeri.fi\/wp-content\/uploads\/2020\/03\/Mikko-Paakkola-IMG_20200126_193902-2-scaled.jpg|caption^null|alt^null|title^Mikko Paakkola IMG_20200126_193902 (2)|description^null&#8221; bg_image_repeat=&#8221;no-repeat&#8221; bg_override=&#8221;full&#8221; parallax_content=&#8221;parallax_content_value&#8221; fadeout_row=&#8221;fadeout_row_value&#8221; enable_overlay=&#8221;enable_overlay_value&#8221; overlay_pattern=&#8221;07.png&#8221; overlay_pattern_opacity=&#8221;60&#8243;][vc_column][vc_custom_heading text=&#8221;HIIVAMERIKATVEESSA -n\u00e4yttely&#8221; font_container=&#8221;tag:h2|font_size:3em|text_align:center|color:%2301c1cf|line_height:1&#8243; google_fonts=&#8221;font_family:Montserrat%3Aregular%2C700|font_style:700%20bold%20regular%3A700%3Anormal&#8221; css_animation=&#8221;fadeInDown&#8221; css=&#8221;.vc_custom_1586879546327{margin-top: 50px !important;margin-bottom: 45px !important;padding-bottom: 20px !important;background-position: center !important;background-repeat: no-repeat !important;background-size: cover !important;}&#8221;][vc_custom_heading text=&#8221;13.6.- 16.8.2020&#8243; font_container=&#8221;tag:h2|font_size:2em|text_align:center|color:%23ffffff&#8221; google_fonts=&#8221;font_family:Montserrat%3Aregular%2C700|font_style:400%20regular%3A400%3Anormal&#8221; css_animation=&#8221;fadeInDown&#8221;][vc_row_inner][vc_column_inner width=&#8221;1\/2&#8243; css=&#8221;.vc_custom_1525027995917{margin-top: 60px !important;}&#8221;][vc_btn title=&#8221;N\u00e4yttely&#8221; style=&#8221;flat&#8221; color=&#8221;turquoise&#8221; size=&#8221;lg&#8221; align=&#8221;center&#8221; css_animation=&#8221;fadeInUp&#8221; link=&#8221;url:%23nayttely|||&#8221;][\/vc_column_inner][vc_column_inner width=&#8221;1\/2&#8243; css=&#8221;.vc_custom_1525027095029{margin-top: 60px !important;}&#8221;][vc_btn [&#8230;]<\/p>\n<p class=\"m-0\"><a class=\"btn btn-outline-secondary btn-read-more\" href=\"https:\/\/www.someronkivimeijeri.fi\/?page_id=7654\">Read More<\/a><\/p>\n","protected":false},"author":1,"featured_media":0,"parent":0,"menu_order":0,"comment_status":"closed","ping_status":"closed","template":"","meta":{"footnotes":""},"class_list":["post-7654","page","type-page","status-publish","hentry"],"_links":{"self":[{"href":"https:\/\/www.someronkivimeijeri.fi\/index.php?rest_route=\/wp\/v2\/pages\/7654","targetHints":{"allow":["GET"]}}],"collection":[{"href":"https:\/\/www.someronkivimeijeri.fi\/index.php?rest_route=\/wp\/v2\/pages"}],"about":[{"href":"https:\/\/www.someronkivimeijeri.fi\/index.php?rest_route=\/wp\/v2\/types\/page"}],"author":[{"embeddable":true,"href":"https:\/\/www.someronkivimeijeri.fi\/index.php?rest_route=\/wp\/v2\/users\/1"}],"replies":[{"embeddable":true,"href":"https:\/\/www.someronkivimeijeri.fi\/index.php?rest_route=%2Fwp%2Fv2%2Fcomments&post=7654"}],"version-history":[{"count":74,"href":"https:\/\/www.someronkivimeijeri.fi\/index.php?rest_route=\/wp\/v2\/pages\/7654\/revisions"}],"predecessor-version":[{"id":8005,"href":"https:\/\/www.someronkivimeijeri.fi\/index.php?rest_route=\/wp\/v2\/pages\/7654\/revisions\/8005"}],"wp:attachment":[{"href":"https:\/\/www.someronkivimeijeri.fi\/index.php?rest_route=%2Fwp%2Fv2%2Fmedia&parent=7654"}],"curies":[{"name":"wp","href":"https:\/\/api.w.org\/{rel}","templated":true}]}}