{"id":7606,"date":"2019-12-29T17:22:44","date_gmt":"2019-12-29T15:22:44","guid":{"rendered":"http:\/\/www.someronkivimeijeri.fi\/?page_id=7606"},"modified":"2025-06-05T23:07:28","modified_gmt":"2025-06-05T20:07:28","slug":"kurssit-2019","status":"publish","type":"page","link":"https:\/\/www.someronkivimeijeri.fi\/?page_id=7606","title":{"rendered":"Kurssit vuosittainen"},"content":{"rendered":"<div class=\"wpb-content-wrapper\"><p>[vc_row][vc_column css=&#8221;.vc_custom_1683205318672{margin-bottom: 150px !important;}&#8221;][vc_custom_heading text=&#8221;Kurssit 2025&#8243; font_container=&#8221;tag:h2|text_align:center|color:%23111111&#8243; google_fonts=&#8221;font_family:Montserrat%3Aregular%2C700|font_style:400%20regular%3A400%3Anormal&#8221; css=&#8221;.vc_custom_1744612713176{margin-top: 75px !important;}&#8221;][\/vc_column][\/vc_row][vc_row css=&#8221;.vc_custom_1586884722797{margin-bottom: 85px !important;}&#8221;][vc_column width=&#8221;1\/2&#8243; css=&#8221;.vc_custom_1683205632378{margin-bottom: 0px !important;}&#8221;][vc_hoverbox image=&#8221;8636&#8243; primary_title=&#8221;&#8221; primary_title_font_container=&#8221;color:%23ffffff&#8221; primary_title_google_fonts=&#8221;font_family:Montserrat%3Aregular%2C700|font_style:400%20regular%3A400%3Anormal&#8221; hover_title=&#8221;Keramiikkakurssit&#8221; el_width=&#8221;80&#8243; hover_btn_title=&#8221;T\u00e4st\u00e4&#8221; css_animation=&#8221;bounceIn&#8221; use_custom_fonts_primary_title=&#8221;true&#8221; hover_add_button=&#8221;true&#8221; hover_btn_link=&#8221;url:https%3A%2F%2Fwww.someronkivimeijeri.fi%2F%3Fpage_id%3D8667|title:Keramiikan%20rakentaminen&#8221;]23.6.-9.7.2025[\/vc_hoverbox][vc_column_text css=&#8221;.vc_custom_1744616158080{padding-top: 10px !important;}&#8221;]<\/p>\n<p style=\"text-align: center;\">Keramiikkakurssit<\/p>\n<p>[\/vc_column_text][\/vc_column][vc_column width=&#8221;1\/2&#8243;][vc_hoverbox image=&#8221;8630&#8243; primary_title=&#8221;&#8221; primary_title_font_container=&#8221;color:%23ffffff&#8221; primary_title_google_fonts=&#8221;font_family:Montserrat%3Aregular%2C700|font_style:400%20regular%3A400%3Anormal&#8221; hover_title=&#8221;Maalauskurssi&#8221; el_width=&#8221;80&#8243; hover_btn_title=&#8221;T\u00e4st\u00e4&#8221; css_animation=&#8221;bounceIn&#8221; use_custom_fonts_primary_title=&#8221;true&#8221; hover_add_button=&#8221;true&#8221; hover_btn_link=&#8221;url:https%3A%2F%2Fwww.someronkivimeijeri.fi%2F%3Fpage_id%3D7826|title:Maalauskurssi%202023&#8243;]30.6.-5.7.2025[\/vc_hoverbox][vc_column_text css=&#8221;.vc_custom_1685976958882{padding-top: 10px !important;}&#8221;]<\/p>\n<p style=\"text-align: center;\">Maalauskurssi<\/p>\n<p>[\/vc_column_text][\/vc_column][\/vc_row][vc_row][vc_column width=&#8221;1\/2&#8243; css=&#8221;.vc_custom_1683205610372{margin-bottom: 75px !important;}&#8221;][vc_hoverbox image=&#8221;8634&#8243; primary_title=&#8221;&#8221; primary_title_font_container=&#8221;color:%23ffffff&#8221; primary_title_google_fonts=&#8221;font_family:Montserrat%3Aregular%2C700|font_style:400%20regular%3A400%3Anormal&#8221; hover_title=&#8221;Rakufestivaali&#8221; el_width=&#8221;80&#8243; hover_btn_title=&#8221;T\u00e4st\u00e4&#8221; css_animation=&#8221;bounceIn&#8221; use_custom_fonts_primary_title=&#8221;true&#8221; hover_add_button=&#8221;true&#8221; hover_btn_link=&#8221;url:https%3A%2F%2Fwww.someronkivimeijeri.fi%2F%3Fpage_id%3D6701|title:Rakufestivaali%202023&#8243;]<\/p>\n<p class=\"vc_custom_heading vc_custom_1708697444307\">11.-13.7.2025<\/p>\n<p>[\/vc_hoverbox][vc_column_text css=&#8221;.vc_custom_1685977001104{padding-top: 10px !important;}&#8221;]<\/p>\n<p style=\"text-align: center;\">Rakufestivaali<\/p>\n<p>[\/vc_column_text][\/vc_column][vc_column width=&#8221;1\/2&#8243;][vc_hoverbox image=&#8221;8648&#8243; primary_title=&#8221;&#8221; primary_title_font_container=&#8221;color:%23ffffff&#8221; primary_title_google_fonts=&#8221;font_family:Montserrat%3Aregular%2C700|font_style:400%20regular%3A400%3Anormal&#8221; hover_title=&#8221;Omatoimity\u00f6skentelyt&#8221; el_width=&#8221;80&#8243; hover_btn_title=&#8221;T\u00e4st\u00e4&#8221; css_animation=&#8221;bounceIn&#8221; use_custom_fonts_primary_title=&#8221;true&#8221; hover_add_button=&#8221;true&#8221; hover_btn_link=&#8221;url:https%3A%2F%2Fwww.someronkivimeijeri.fi%2F%3Fpage_id%3D8675|title:tyosymposium&#8221;]2.6.-31.8.2025[\/vc_hoverbox][vc_column_text css=&#8221;.vc_custom_1744202273955{padding-top: 10px !important;}&#8221;]<\/p>\n<p style=\"text-align: center;\">Omatoimity\u00f6skentely<\/p>\n<p>[\/vc_column_text][\/vc_column][\/vc_row][vc_row][vc_column width=&#8221;1\/2&#8243;][vc_hoverbox image=&#8221;8718&#8243; primary_title=&#8221;&#8221; primary_title_font_container=&#8221;color:%23ffffff&#8221; primary_title_google_fonts=&#8221;font_family:Montserrat%3Aregular%2C700|font_style:400%20regular%3A400%3Anormal&#8221; hover_title=&#8221;Avoin maalausp\u00e4iv\u00e4&#8221; el_width=&#8221;80&#8243; hover_btn_title=&#8221;T\u00e4st\u00e4&#8221; css_animation=&#8221;bounceIn&#8221; use_custom_fonts_primary_title=&#8221;true&#8221; hover_add_button=&#8221;true&#8221; hover_btn_link=&#8221;url:https%3A%2F%2Fwww.someronkivimeijeri.fi%2F%3Fpage_id%3D8705|title:tyosymposium&#8221;][\/vc_hoverbox][vc_column_text css=&#8221;.vc_custom_1685977042549{padding-top: 10px !important;}&#8221;]<\/p>\n<p style=\"text-align: center;\">Avoin maalausp\u00e4iv\u00e4<\/p>\n<p>[\/vc_column_text][\/vc_column][vc_column width=&#8221;1\/2&#8243;][\/vc_column][\/vc_row][vc_row][vc_column width=&#8221;1\/2&#8243;][\/vc_column][vc_column width=&#8221;1\/2&#8243;][\/vc_column][\/vc_row]<\/p>\n<\/div>","protected":false},"excerpt":{"rendered":"<p class=\"card-text\">[vc_row][vc_column css=&#8221;.vc_custom_1683205318672{margin-bottom: 150px !important;}&#8221;][vc_custom_heading text=&#8221;Kurssit 2025&#8243; font_container=&#8221;tag:h2|text_align:center|color:%23111111&#8243; google_fonts=&#8221;font_family:Montserrat%3Aregular%2C700|font_style:400%20regular%3A400%3Anormal&#8221; css=&#8221;.vc_custom_1744612713176{margin-top: 75px !important;}&#8221;][\/vc_column][\/vc_row][vc_row css=&#8221;.vc_custom_1586884722797{margin-bottom: 85px !important;}&#8221;][vc_column width=&#8221;1\/2&#8243; css=&#8221;.vc_custom_1683205632378{margin-bottom: 0px !important;}&#8221;][vc_hoverbox image=&#8221;8636&#8243; primary_title=&#8221;&#8221; primary_title_font_container=&#8221;color:%23ffffff&#8221; primary_title_google_fonts=&#8221;font_family:Montserrat%3Aregular%2C700|font_style:400%20regular%3A400%3Anormal&#8221; hover_title=&#8221;Keramiikkakurssit&#8221; el_width=&#8221;80&#8243; hover_btn_title=&#8221;T\u00e4st\u00e4&#8221; css_animation=&#8221;bounceIn&#8221; use_custom_fonts_primary_title=&#8221;true&#8221; hover_add_button=&#8221;true&#8221; hover_btn_link=&#8221;url:https%3A%2F%2Fwww.someronkivimeijeri.fi%2F%3Fpage_id%3D8667|title:Keramiikan%20rakentaminen&#8221;]23.6.-9.7.2025[\/vc_hoverbox][vc_column_text css=&#8221;.vc_custom_1744616158080{padding-top: 10px !important;}&#8221;] Keramiikkakurssit [\/vc_column_text][\/vc_column][vc_column width=&#8221;1\/2&#8243;][vc_hoverbox image=&#8221;8630&#8243; primary_title=&#8221;&#8221; primary_title_font_container=&#8221;color:%23ffffff&#8221; primary_title_google_fonts=&#8221;font_family:Montserrat%3Aregular%2C700|font_style:400%20regular%3A400%3Anormal&#8221; hover_title=&#8221;Maalauskurssi&#8221; el_width=&#8221;80&#8243; hover_btn_title=&#8221;T\u00e4st\u00e4&#8221; css_animation=&#8221;bounceIn&#8221; use_custom_fonts_primary_title=&#8221;true&#8221; hover_add_button=&#8221;true&#8221; hover_btn_link=&#8221;url:https%3A%2F%2Fwww.someronkivimeijeri.fi%2F%3Fpage_id%3D7826|title:Maalauskurssi%202023&#8243;]30.6.-5.7.2025[\/vc_hoverbox][vc_column_text css=&#8221;.vc_custom_1685976958882{padding-top: 10px !important;}&#8221;] Maalauskurssi [\/vc_column_text][\/vc_column][\/vc_row][vc_row][vc_column width=&#8221;1\/2&#8243; css=&#8221;.vc_custom_1683205610372{margin-bottom: 75px !important;}&#8221;][vc_hoverbox [&#8230;]<\/p>\n<p class=\"m-0\"><a class=\"btn btn-outline-secondary btn-read-more\" href=\"https:\/\/www.someronkivimeijeri.fi\/?page_id=7606\">Read More<\/a><\/p>\n","protected":false},"author":1,"featured_media":0,"parent":0,"menu_order":0,"comment_status":"closed","ping_status":"closed","template":"","meta":{"footnotes":""},"class_list":["post-7606","page","type-page","status-publish","hentry"],"_links":{"self":[{"href":"https:\/\/www.someronkivimeijeri.fi\/index.php?rest_route=\/wp\/v2\/pages\/7606","targetHints":{"allow":["GET"]}}],"collection":[{"href":"https:\/\/www.someronkivimeijeri.fi\/index.php?rest_route=\/wp\/v2\/pages"}],"about":[{"href":"https:\/\/www.someronkivimeijeri.fi\/index.php?rest_route=\/wp\/v2\/types\/page"}],"author":[{"embeddable":true,"href":"https:\/\/www.someronkivimeijeri.fi\/index.php?rest_route=\/wp\/v2\/users\/1"}],"replies":[{"embeddable":true,"href":"https:\/\/www.someronkivimeijeri.fi\/index.php?rest_route=%2Fwp%2Fv2%2Fcomments&post=7606"}],"version-history":[{"count":144,"href":"https:\/\/www.someronkivimeijeri.fi\/index.php?rest_route=\/wp\/v2\/pages\/7606\/revisions"}],"predecessor-version":[{"id":9641,"href":"https:\/\/www.someronkivimeijeri.fi\/index.php?rest_route=\/wp\/v2\/pages\/7606\/revisions\/9641"}],"wp:attachment":[{"href":"https:\/\/www.someronkivimeijeri.fi\/index.php?rest_route=%2Fwp%2Fv2%2Fmedia&parent=7606"}],"curies":[{"name":"wp","href":"https:\/\/api.w.org\/{rel}","templated":true}]}}