{"id":6921,"date":"2018-04-26T17:55:22","date_gmt":"2018-04-26T14:55:22","guid":{"rendered":"http:\/\/www.someronkivimeijeri.fi\/?page_id=6921"},"modified":"2023-05-14T22:46:05","modified_gmt":"2023-05-14T19:46:05","slug":"pirjo-lautianen","status":"publish","type":"page","link":"https:\/\/www.someronkivimeijeri.fi\/?page_id=6921","title":{"rendered":"Mari Paikkari (s.1983) Kuvanveist\u00e4j\u00e4"},"content":{"rendered":"<div class=\"wpb-content-wrapper\"><p>[vc_row css=&#8221;.vc_custom_1524745502611{margin-top: 75px !important;margin-bottom: 50px !important;}&#8221;][vc_column][vc_custom_heading text=&#8221;Mari Paikkari&#8221; font_container=&#8221;tag:h2|text_align:center&#8221; google_fonts=&#8221;font_family:Montserrat%3Aregular%2C700|font_style:400%20regular%3A400%3Anormal&#8221;][\/vc_column][\/vc_row][vc_row css=&#8221;.vc_custom_1524752283072{margin-top: 25px !important;margin-right: 15px !important;}&#8221;][vc_column width=&#8221;1\/3&#8243;][vc_single_image image=&#8221;8875&#8243;][vc_images_carousel images=&#8221;8880,8879,8877,8876,8874&#8243;][vc_column_text]Galleria<\/p>\n<div id=\"gtx-trans\" style=\"position: absolute; left: -1px; top: 37px;\">\n<div class=\"gtx-trans-icon\"><\/div>\n<\/div>\n<p>[\/vc_column_text][\/vc_column][vc_column width=&#8221;2\/3&#8243; css=&#8221;.vc_custom_1524752235950{margin-right: 5px !important;margin-left: 5px !important;}&#8221;][vc_column_text css_animation=&#8221;fadeIn&#8221;]Mari Paikkari ty\u00f6skentelee vahvasti saven materiaalisuuden kautta. H\u00e4nen veistostensa<br \/>\nestetiikka haastaa perinteisen kauneusk\u00e4sityksen yhdist\u00e4ess\u00e4\u00e4n saven luonnollisen eroosion ja<br \/>\nherk\u00e4t k\u00e4sintehdyt yksityiskohdat. Paikkaria kiehtoo toistaa yhdell\u00e4 luonnonmateriaalilla<br \/>\ntoisen luonnonmateriaalin luonne. Silmuihin, versoihin ja puihin sis\u00e4ltyv\u00e4 symboliikka on<br \/>\nmy\u00f6s keskeist\u00e4.<br \/>\nPaikkari on ty\u00f6skennellyt materiaalil\u00e4ht\u00f6isesti saven ja keramiikan parissa vuodesta 2008<br \/>\nl\u00e4htien. H\u00e4nen teoksia on ollut esill\u00e4 l\u00e4hes sadassa yksityis- ja ryhm\u00e4n\u00e4yttelyiss\u00e4 kotimaan<br \/>\nlis\u00e4ksi Japanissa, Kiinassa, Ranskassa, Tanskassa ja Italiassa. H\u00e4n on ollut my\u00f6s mukana<br \/>\nkymmeniss\u00e4 poikkitaiteellisissateoksissa, joissa esimerkiksi nykys\u00e4vellys ja keramiikalla<br \/>\nluodut \u00e4\u00e4nimaailma ovat kohdanneet.<br \/>\nH\u00e4nen viimeisin yksityisn\u00e4yttely oli Tokiossa, Japanissa kes\u00e4ll\u00e4 2022 ja sit\u00e4 ennen Galleria<br \/>\nK:ssa Tikkurilassa kes\u00e4ll\u00e4 2021. Mari Paikkari on Suomen kuvanveist\u00e4jien liiton sek\u00e4<br \/>\nkansainv\u00e4lisen keramiikkaliitto IAC:n j\u00e4sen. H\u00e4nen teoksiaan on Valtion kokoelmissa sek\u00e4<br \/>\nuseissa yksityiskokoelmissa. Mari ty\u00f6skentelee kokop\u00e4iv\u00e4isen\u00e4 kuvanveist\u00e4j\u00e4n\u00e4 ja<br \/>\nmuotoilijana henkil\u00f6kohtaisella ty\u00f6huoneellaan Keravan Saviolla.<\/p>\n<div id=\"gtx-trans\" style=\"position: absolute; left: -4px; top: -9px;\">\n<div class=\"gtx-trans-icon\"><\/div>\n<\/div>\n<p>[\/vc_column_text][vc_column_text css_animation=&#8221;fadeInUp&#8221;]<strong>CV<\/strong><br \/>\nLataa <a href=\"https:\/\/www.someronkivimeijeri.fi\/wp-content\/uploads\/2023\/05\/CV_Mari-Paikkari_2023-2.pdf\">t\u00e4st\u00e4<\/a><br \/>\nLataa kuva <a href=\"https:\/\/www.someronkivimeijeri.fi\/wp-content\/uploads\/2023\/05\/Mari_Paikkari_6599.jpg\">t\u00e4st\u00e4<\/a><\/p>\n<p><strong>Ty\u00f6t<br \/>\n<\/strong><a href=\"https:\/\/www.someronkivimeijeri.fi\/wp-content\/uploads\/2023\/05\/Sketch-2019-posliini-ja-lasite-scaled.jpg\">Sketch-2019-posliini-ja-lasite<\/a><br \/>\n<a href=\"https:\/\/www.someronkivimeijeri.fi\/wp-content\/uploads\/2023\/05\/Keppini-mun-2023-posliini-ja-lasite-scaled.jpg\">Keppini-mun-2023-posliini-ja-lasite<\/a><br \/>\n<a href=\"https:\/\/www.someronkivimeijeri.fi\/wp-content\/uploads\/2023\/05\/Olipa-kerran-kaukaisessa-maassa.-2021.jpg\">Mari Paikkari Sculptures<\/a>[\/vc_column_text][\/vc_column][\/vc_row]<\/p>\n<\/div>","protected":false},"excerpt":{"rendered":"<p class=\"card-text\">[vc_row css=&#8221;.vc_custom_1524745502611{margin-top: 75px !important;margin-bottom: 50px !important;}&#8221;][vc_column][vc_custom_heading text=&#8221;Mari Paikkari&#8221; font_container=&#8221;tag:h2|text_align:center&#8221; google_fonts=&#8221;font_family:Montserrat%3Aregular%2C700|font_style:400%20regular%3A400%3Anormal&#8221;][\/vc_column][\/vc_row][vc_row css=&#8221;.vc_custom_1524752283072{margin-top: 25px !important;margin-right: 15px !important;}&#8221;][vc_column width=&#8221;1\/3&#8243;][vc_single_image image=&#8221;8875&#8243;][vc_images_carousel images=&#8221;8880,8879,8877,8876,8874&#8243;][vc_column_text]Galleria [\/vc_column_text][\/vc_column][vc_column width=&#8221;2\/3&#8243; css=&#8221;.vc_custom_1524752235950{margin-right: 5px !important;margin-left: 5px !important;}&#8221;][vc_column_text css_animation=&#8221;fadeIn&#8221;]Mari Paikkari ty\u00f6skentelee vahvasti saven materiaalisuuden kautta. H\u00e4nen veistostensa estetiikka haastaa perinteisen kauneusk\u00e4sityksen yhdist\u00e4ess\u00e4\u00e4n saven luonnollisen eroosion ja herk\u00e4t k\u00e4sintehdyt yksityiskohdat. Paikkaria kiehtoo toistaa yhdell\u00e4 luonnonmateriaalilla toisen luonnonmateriaalin luonne. Silmuihin, [&#8230;]<\/p>\n<p class=\"m-0\"><a class=\"btn btn-outline-secondary btn-read-more\" href=\"https:\/\/www.someronkivimeijeri.fi\/?page_id=6921\">Read More<\/a><\/p>\n","protected":false},"author":1,"featured_media":0,"parent":0,"menu_order":0,"comment_status":"closed","ping_status":"closed","template":"","meta":{"footnotes":""},"class_list":["post-6921","page","type-page","status-publish","hentry"],"_links":{"self":[{"href":"https:\/\/www.someronkivimeijeri.fi\/index.php?rest_route=\/wp\/v2\/pages\/6921","targetHints":{"allow":["GET"]}}],"collection":[{"href":"https:\/\/www.someronkivimeijeri.fi\/index.php?rest_route=\/wp\/v2\/pages"}],"about":[{"href":"https:\/\/www.someronkivimeijeri.fi\/index.php?rest_route=\/wp\/v2\/types\/page"}],"author":[{"embeddable":true,"href":"https:\/\/www.someronkivimeijeri.fi\/index.php?rest_route=\/wp\/v2\/users\/1"}],"replies":[{"embeddable":true,"href":"https:\/\/www.someronkivimeijeri.fi\/index.php?rest_route=%2Fwp%2Fv2%2Fcomments&post=6921"}],"version-history":[{"count":18,"href":"https:\/\/www.someronkivimeijeri.fi\/index.php?rest_route=\/wp\/v2\/pages\/6921\/revisions"}],"predecessor-version":[{"id":8885,"href":"https:\/\/www.someronkivimeijeri.fi\/index.php?rest_route=\/wp\/v2\/pages\/6921\/revisions\/8885"}],"wp:attachment":[{"href":"https:\/\/www.someronkivimeijeri.fi\/index.php?rest_route=%2Fwp%2Fv2%2Fmedia&parent=6921"}],"curies":[{"name":"wp","href":"https:\/\/api.w.org\/{rel}","templated":true}]}}