{"id":6835,"date":"2018-04-26T13:48:24","date_gmt":"2018-04-26T10:48:24","guid":{"rendered":"http:\/\/www.someronkivimeijeri.fi\/?page_id=6835"},"modified":"2018-05-01T18:17:57","modified_gmt":"2018-05-01T15:17:57","slug":"stefan-bremer","status":"publish","type":"page","link":"https:\/\/www.someronkivimeijeri.fi\/?page_id=6835","title":{"rendered":"Stefan Bremer"},"content":{"rendered":"<div class=\"wpb-content-wrapper\"><p>[vc_row css=&#8221;.vc_custom_1524745502611{margin-top: 75px !important;margin-bottom: 50px !important;}&#8221;][vc_column][vc_custom_heading text=&#8221;Stefan Bremer&#8221; font_container=&#8221;tag:h2|text_align:center&#8221; google_fonts=&#8221;font_family:Montserrat%3Aregular%2C700|font_style:400%20regular%3A400%3Anormal&#8221;][\/vc_column][\/vc_row][vc_row css=&#8221;.vc_custom_1524752283072{margin-top: 25px !important;margin-right: 15px !important;}&#8221;][vc_column width=&#8221;1\/3&#8243;][vc_single_image image=&#8221;7301&#8243; img_size=&#8221;350&#215;600&#8243;][vc_column_text]<strong>Stefan Bremer<\/strong><br \/>\n<a href=\"https:\/\/fi.wikipedia.org\/wiki\/Stefan_Bremer\" target=\"_blank\" rel=\"noopener\">Wikipedia<\/a>[\/vc_column_text][\/vc_column][vc_column width=&#8221;2\/3&#8243; css=&#8221;.vc_custom_1524752235950{margin-right: 5px !important;margin-left: 5px !important;}&#8221;][vc_column_text css_animation=&#8221;fadeIn&#8221;]Raivo ja haltioituminen oli Stefan Bremerin n\u00e4yttelyn nimi Valokuvataiteen museossa. Juuri sit\u00e4 h\u00e4n tekee: heitt\u00e4ytyy kontrasteihin ja iskee voimalla, melkein kuin kivinyrkill\u00e4. Nuorisokulttuurin yhteis\u00f6llisyys Helsingin rautatieasemalla tai Mies ja Nainen sarjojen henkil\u00f6kohtaisuus alleviivaavat el\u00e4m\u00e4n moninaisuutta ja rikkautta aina myyttisyyden ja alitajunnan ulkopuolelle. Bremer on saanut valtionpalkinnon, Helsingin kulttuuripalkinnon ja toiminut taiteilijaprofessorina.<br \/>\nGobi\u00a0 on uusista sarjoista toinen, 13 kilometrin korkeudesta Kiinan ja Siperian yll\u00e4 kuvattuja aavikoita. Toinen on sarja abstrakteja\u00a0kokeiluja jossa Bremer venytt\u00e4\u00e4 valokuvauksen aikak\u00e4sityksi\u00e4 ja tutkii maailmaa eri mittakaavojen kautta.\u00a0Kuvissa esinemateriaalina on kaikkea p\u00f6lyst\u00e4 ruutiin, kokeiluissa Bremer havannoi miten erilaiset nesteet sulautuvat ja sekoittuvat toisiinsa.Tuloksena on tiloja ja n\u00e4kyj\u00e4 joissa l\u00e4hikuva vaihtuu hetkess\u00e4 avaruudelliseen \u00e4\u00e4rett\u00f6m\u00e4\u00e4n.[\/vc_column_text][vc_column_text css_animation=&#8221;fadeInUp&#8221;]<strong>Lehdist\u00f6kuvat<br \/>\n<\/strong><a href=\"https:\/\/www.someronkivimeijeri.fi\/wp-content\/uploads\/2018\/04\/STEFFE-CV-SUOM-uusi-2017-v5-2.pdf\">Lataa<\/a> CV<br \/>\n<a href=\"https:\/\/www.someronkivimeijeri.fi\/wp-content\/uploads\/2018\/05\/Alpo-sarjasta-Kosketus-.jpg\">Alpo sarjasta Kosketus<\/a><br \/>\n<a href=\"https:\/\/www.someronkivimeijeri.fi\/wp-content\/uploads\/2018\/05\/Ave-from-series-man.jpg\">Ave from series man<\/a><br \/>\n<a href=\"https:\/\/www.someronkivimeijeri.fi\/wp-content\/uploads\/2018\/05\/Yellow-sarjasta-Ink-2017.jpg\">Yellow sarjasta Ink, 2017<\/a><\/p>\n<p>Kysy suurempia kuvia osoitteesta <a href=\"mailto:kivimeijeri@gmail.com\">kivimeijeri@gmail.com<\/a>[\/vc_column_text][\/vc_column][\/vc_row][vc_row][vc_column][vc_empty_space height=&#8221;52px&#8221;][\/vc_column][\/vc_row]<\/p>\n<\/div>","protected":false},"excerpt":{"rendered":"<p class=\"card-text\">[vc_row css=&#8221;.vc_custom_1524745502611{margin-top: 75px !important;margin-bottom: 50px !important;}&#8221;][vc_column][vc_custom_heading text=&#8221;Stefan Bremer&#8221; font_container=&#8221;tag:h2|text_align:center&#8221; google_fonts=&#8221;font_family:Montserrat%3Aregular%2C700|font_style:400%20regular%3A400%3Anormal&#8221;][\/vc_column][\/vc_row][vc_row css=&#8221;.vc_custom_1524752283072{margin-top: 25px !important;margin-right: 15px !important;}&#8221;][vc_column width=&#8221;1\/3&#8243;][vc_single_image image=&#8221;7301&#8243; img_size=&#8221;350&#215;600&#8243;][vc_column_text]Stefan Bremer Wikipedia[\/vc_column_text][\/vc_column][vc_column width=&#8221;2\/3&#8243; css=&#8221;.vc_custom_1524752235950{margin-right: 5px !important;margin-left: 5px !important;}&#8221;][vc_column_text css_animation=&#8221;fadeIn&#8221;]Raivo ja haltioituminen oli Stefan Bremerin n\u00e4yttelyn nimi Valokuvataiteen museossa. Juuri sit\u00e4 h\u00e4n tekee: heitt\u00e4ytyy kontrasteihin ja iskee voimalla, melkein kuin kivinyrkill\u00e4. Nuorisokulttuurin yhteis\u00f6llisyys Helsingin rautatieasemalla tai Mies ja [&#8230;]<\/p>\n<p class=\"m-0\"><a class=\"btn btn-outline-secondary btn-read-more\" href=\"https:\/\/www.someronkivimeijeri.fi\/?page_id=6835\">Read More<\/a><\/p>\n","protected":false},"author":1,"featured_media":0,"parent":0,"menu_order":0,"comment_status":"closed","ping_status":"closed","template":"","meta":{"footnotes":""},"class_list":["post-6835","page","type-page","status-publish","hentry"],"_links":{"self":[{"href":"https:\/\/www.someronkivimeijeri.fi\/index.php?rest_route=\/wp\/v2\/pages\/6835","targetHints":{"allow":["GET"]}}],"collection":[{"href":"https:\/\/www.someronkivimeijeri.fi\/index.php?rest_route=\/wp\/v2\/pages"}],"about":[{"href":"https:\/\/www.someronkivimeijeri.fi\/index.php?rest_route=\/wp\/v2\/types\/page"}],"author":[{"embeddable":true,"href":"https:\/\/www.someronkivimeijeri.fi\/index.php?rest_route=\/wp\/v2\/users\/1"}],"replies":[{"embeddable":true,"href":"https:\/\/www.someronkivimeijeri.fi\/index.php?rest_route=%2Fwp%2Fv2%2Fcomments&post=6835"}],"version-history":[{"count":10,"href":"https:\/\/www.someronkivimeijeri.fi\/index.php?rest_route=\/wp\/v2\/pages\/6835\/revisions"}],"predecessor-version":[{"id":7370,"href":"https:\/\/www.someronkivimeijeri.fi\/index.php?rest_route=\/wp\/v2\/pages\/6835\/revisions\/7370"}],"wp:attachment":[{"href":"https:\/\/www.someronkivimeijeri.fi\/index.php?rest_route=%2Fwp%2Fv2%2Fmedia&parent=6835"}],"curies":[{"name":"wp","href":"https:\/\/api.w.org\/{rel}","templated":true}]}}