{"id":6647,"date":"2018-04-24T22:03:12","date_gmt":"2018-04-24T19:03:12","guid":{"rendered":"http:\/\/www.someronkivimeijeri.fi\/?page_id=6647"},"modified":"2022-05-08T14:19:59","modified_gmt":"2022-05-08T11:19:59","slug":"yhteystiedot","status":"publish","type":"page","link":"https:\/\/www.someronkivimeijeri.fi\/?page_id=6647","title":{"rendered":"Yhteystiedot"},"content":{"rendered":"<div class=\"wpb-content-wrapper\"><p>[vc_row css=&#8221;.vc_custom_1524728825636{margin-top: 50px !important;margin-bottom: 25px !important;}&#8221;][vc_column width=&#8221;1\/2&#8243;][vc_column_text]<strong>Osoite<\/strong><br \/>\nSOMERON KIVIMEIJERI<br \/>\nTURUNTIE 1034<br \/>\n31530 PY\u00d6LI<\/p>\n<p>(vanhaa Turuntiet\u00e4, H\u00e4meen H\u00e4rk\u00e4tiet\u00e4,<br \/>\nnoin 11 km Somerolta.)<\/p>\n<p><b>Yhteystiedot<\/b><br \/>\nPuh: 0443080947<br \/>\n<span style=\"font-size: 1rem;\">www.someronkivimeijeri.fi<br \/>\n<\/span>kivimeijeri@gmail.com<\/p>\n<p><strong>Aukioloajat<\/strong><br \/>\njoka p\u00e4iv\u00e4 12.00 &#8211; 18.00.<\/p>\n<p><strong>P\u00e4\u00e4symaksu<\/strong><br \/>\nAikuiset 10 euroa<br \/>\nLapset 5 euroa,<br \/>\nalle 7 v. ilmaiseksi.[\/vc_column_text][\/vc_column][vc_column width=&#8221;1\/2&#8243;][vc_gmaps link=&#8221;#E-8_JTNDaWZyYW1lJTIwc3JjJTNEJTIyaHR0cCUzQSUyRiUyRm1hcHMuZ29vZ2xlLmZpJTJGbWFwcyUzRmYlM0RxJTI2YW1wJTNCc291cmNlJTNEc19xJTI2YW1wJTNCaGwlM0RmaSUyNmFtcCUzQnElM0RUdXJ1bnRpZSUyQjEwMzQlMkMlMkIzMTUyMCUyQlNvbWVybyUyNmFtcCUzQnNsbCUzRDYyLjU5MzM0MSUyQzI3LjU3NTY4NCUyNmFtcCUzQnNzcG4lM0QxNi41OTA2MzglMkM1Ny4wODQ5NjElMjZhbXAlM0JpZSUzRFVURjglMjZhbXAlM0JjZCUzRDclMjZhbXAlM0JnZW9jb2RlJTNERmFaX25RTWQ1elprQVElMjZhbXAlM0JzcGxpdCUzRDAlMjZhbXAlM0JocSUzRCUyNmFtcCUzQmhuZWFyJTNEVHVydW50aWUlMkIxMDM0JTJDJTJCMzE1MjAlMkJTb21lcm8lMjZhbXAlM0JsbCUzRDYwLjY1MzQ3OCUyQzIzLjM0NDg3MSUyNmFtcCUzQnNwbiUzRDAuMDA4NTUlMkMwLjAyNzg3NCUyNmFtcCUzQnQlM0RoJTI2YW1wJTNCeiUzRDE0JTI2YW1wJTNCaXdsb2MlM0RBJTI2YW1wJTNCb3V0cHV0JTNEZW1iZWQlMjIlMjB3aWR0aCUzRCUyMjg1MCUyMiUyMGhlaWdodCUzRCUyMjQ1MCUyMiUyMGZyYW1lYm9yZGVyJTNEJTIyMCUyMiUyMG1hcmdpbndpZHRoJTNEJTIyMCUyMiUyMG1hcmdpbmhlaWdodCUzRCUyMjAlMjIlMjBzY3JvbGxpbmclM0QlMjJubyUyMiUzRSUzQyUyRmlmcmFtZSUzRSUwQSUzQ3NtYWxsJTNFJTNDYSUyMHN0eWxlJTNEJTIyY29sb3IlM0ElMjAlMjMwMDAwZmYlM0IlMjB0ZXh0LWFsaWduJTNBJTIwbGVmdCUzQiUyMiUyMGhyZWYlM0QlMjJodHRwJTNBJTJGJTJGbWFwcy5nb29nbGUuZmklMkZtYXBzJTNGZiUzRHElMjZhbXAlM0Jzb3VyY2UlM0RlbWJlZCUyNmFtcCUzQmhsJTNEZmklMjZhbXAlM0JxJTNEVHVydW50aWUlMkIxMDM0JTJDJTJCMzE1MjAlMkJTb21lcm8lMjZhbXAlM0JzbGwlM0Q2Mi41OTMzNDElMkMyNy41NzU2ODQlMjZhbXAlM0Jzc3BuJTNEMTYuNTkwNjM4JTJDNTcuMDg0OTYxJTI2YW1wJTNCaWUlM0RVVEY4JTI2YW1wJTNCY2QlM0Q3JTI2YW1wJTNCZ2VvY29kZSUzREZhWl9uUU1kNXpaa0FRJTI2YW1wJTNCc3BsaXQlM0QwJTI2YW1wJTNCaHElM0QlMjZhbXAlM0JobmVhciUzRFR1cnVudGllJTJCMTAzNCUyQyUyQjMxNTIwJTJCU29tZXJvJTI2YW1wJTNCbGwlM0Q2MC42NTM0NzglMkMyMy4zNDQ4NzElMjZhbXAlM0JzcG4lM0QwLjAwODU1JTJDMC4wMjc4NzQlMjZhbXAlM0J0JTNEaCUyNmFtcCUzQnolM0QxNCUyNmFtcCUzQml3bG9jJTNEQSUyMiUzRU4lQzMlQTR5dCVDMyVBNCUyMHN1dXJlbXBpJTIwa2FydHRhJTNDJTJGYSUzRSUzQyUyRnNtYWxsJTNFJTBB&#8221;][\/vc_column][\/vc_row][vc_row][vc_column][\/vc_column][\/vc_row]<\/p>\n<\/div>","protected":false},"excerpt":{"rendered":"<p class=\"card-text\">[vc_row css=&#8221;.vc_custom_1524728825636{margin-top: 50px !important;margin-bottom: 25px !important;}&#8221;][vc_column width=&#8221;1\/2&#8243;][vc_column_text]Osoite SOMERON KIVIMEIJERI TURUNTIE 1034 31530 PY\u00d6LI (vanhaa Turuntiet\u00e4, H\u00e4meen H\u00e4rk\u00e4tiet\u00e4, noin 11 km Somerolta.) Yhteystiedot Puh: 0443080947 www.someronkivimeijeri.fi kivimeijeri@gmail.com Aukioloajat joka p\u00e4iv\u00e4 12.00 &#8211; 18.00. P\u00e4\u00e4symaksu Aikuiset 10 euroa Lapset 5 euroa, alle 7 v. ilmaiseksi.[\/vc_column_text][\/vc_column][vc_column width=&#8221;1\/2&#8243;][vc_gmaps link=&#8221;#E-8_JTNDaWZyYW1lJTIwc3JjJTNEJTIyaHR0cCUzQSUyRiUyRm1hcHMuZ29vZ2xlLmZpJTJGbWFwcyUzRmYlM0RxJTI2YW1wJTNCc291cmNlJTNEc19xJTI2YW1wJTNCaGwlM0RmaSUyNmFtcCUzQnElM0RUdXJ1bnRpZSUyQjEwMzQlMkMlMkIzMTUyMCUyQlNvbWVybyUyNmFtcCUzQnNsbCUzRDYyLjU5MzM0MSUyQzI3LjU3NTY4NCUyNmFtcCUzQnNzcG4lM0QxNi41OTA2MzglMkM1Ny4wODQ5NjElMjZhbXAlM0JpZSUzRFVURjglMjZhbXAlM0JjZCUzRDclMjZhbXAlM0JnZW9jb2RlJTNERmFaX25RTWQ1elprQVElMjZhbXAlM0JzcGxpdCUzRDAlMjZhbXAlM0JocSUzRCUyNmFtcCUzQmhuZWFyJTNEVHVydW50aWUlMkIxMDM0JTJDJTJCMzE1MjAlMkJTb21lcm8lMjZhbXAlM0JsbCUzRDYwLjY1MzQ3OCUyQzIzLjM0NDg3MSUyNmFtcCUzQnNwbiUzRDAuMDA4NTUlMkMwLjAyNzg3NCUyNmFtcCUzQnQlM0RoJTI2YW1wJTNCeiUzRDE0JTI2YW1wJTNCaXdsb2MlM0RBJTI2YW1wJTNCb3V0cHV0JTNEZW1iZWQlMjIlMjB3aWR0aCUzRCUyMjg1MCUyMiUyMGhlaWdodCUzRCUyMjQ1MCUyMiUyMGZyYW1lYm9yZGVyJTNEJTIyMCUyMiUyMG1hcmdpbndpZHRoJTNEJTIyMCUyMiUyMG1hcmdpbmhlaWdodCUzRCUyMjAlMjIlMjBzY3JvbGxpbmclM0QlMjJubyUyMiUzRSUzQyUyRmlmcmFtZSUzRSUwQSUzQ3NtYWxsJTNFJTNDYSUyMHN0eWxlJTNEJTIyY29sb3IlM0ElMjAlMjMwMDAwZmYlM0IlMjB0ZXh0LWFsaWduJTNBJTIwbGVmdCUzQiUyMiUyMGhyZWYlM0QlMjJodHRwJTNBJTJGJTJGbWFwcy5nb29nbGUuZmklMkZtYXBzJTNGZiUzRHElMjZhbXAlM0Jzb3VyY2UlM0RlbWJlZCUyNmFtcCUzQmhsJTNEZmklMjZhbXAlM0JxJTNEVHVydW50aWUlMkIxMDM0JTJDJTJCMzE1MjAlMkJTb21lcm8lMjZhbXAlM0JzbGwlM0Q2Mi41OTMzNDElMkMyNy41NzU2ODQlMjZhbXAlM0Jzc3BuJTNEMTYuNTkwNjM4JTJDNTcuMDg0OTYxJTI2YW1wJTNCaWUlM0RVVEY4JTI2YW1wJTNCY2QlM0Q3JTI2YW1wJTNCZ2VvY29kZSUzREZhWl9uUU1kNXpaa0FRJTI2YW1wJTNCc3BsaXQlM0QwJTI2YW1wJTNCaHElM0QlMjZhbXAlM0JobmVhciUzRFR1cnVudGllJTJCMTAzNCUyQyUyQjMxNTIwJTJCU29tZXJvJTI2YW1wJTNCbGwlM0Q2MC42NTM0NzglMkMyMy4zNDQ4NzElMjZhbXAlM0JzcG4lM0QwLjAwODU1JTJDMC4wMjc4NzQlMjZhbXAlM0J0JTNEaCUyNmFtcCUzQnolM0QxNCUyNmFtcCUzQml3bG9jJTNEQSUyMiUzRU4lQzMlQTR5dCVDMyVBNCUyMHN1dXJlbXBpJTIwa2FydHRhJTNDJTJGYSUzRSUzQyUyRnNtYWxsJTNFJTBB&#8221;][\/vc_column][\/vc_row][vc_row][vc_column][\/vc_column][\/vc_row] [&#8230;]<\/p>\n<p class=\"m-0\"><a class=\"btn btn-outline-secondary btn-read-more\" href=\"https:\/\/www.someronkivimeijeri.fi\/?page_id=6647\">Read More<\/a><\/p>\n","protected":false},"author":1,"featured_media":0,"parent":0,"menu_order":0,"comment_status":"closed","ping_status":"closed","template":"","meta":{"footnotes":""},"class_list":["post-6647","page","type-page","status-publish","hentry"],"_links":{"self":[{"href":"https:\/\/www.someronkivimeijeri.fi\/index.php?rest_route=\/wp\/v2\/pages\/6647","targetHints":{"allow":["GET"]}}],"collection":[{"href":"https:\/\/www.someronkivimeijeri.fi\/index.php?rest_route=\/wp\/v2\/pages"}],"about":[{"href":"https:\/\/www.someronkivimeijeri.fi\/index.php?rest_route=\/wp\/v2\/types\/page"}],"author":[{"embeddable":true,"href":"https:\/\/www.someronkivimeijeri.fi\/index.php?rest_route=\/wp\/v2\/users\/1"}],"replies":[{"embeddable":true,"href":"https:\/\/www.someronkivimeijeri.fi\/index.php?rest_route=%2Fwp%2Fv2%2Fcomments&post=6647"}],"version-history":[{"count":7,"href":"https:\/\/www.someronkivimeijeri.fi\/index.php?rest_route=\/wp\/v2\/pages\/6647\/revisions"}],"predecessor-version":[{"id":8322,"href":"https:\/\/www.someronkivimeijeri.fi\/index.php?rest_route=\/wp\/v2\/pages\/6647\/revisions\/8322"}],"wp:attachment":[{"href":"https:\/\/www.someronkivimeijeri.fi\/index.php?rest_route=%2Fwp%2Fv2%2Fmedia&parent=6647"}],"curies":[{"name":"wp","href":"https:\/\/api.w.org\/{rel}","templated":true}]}}